CRAN Package Check Results for Package symbolicDA

Last updated on 2019-11-18 00:54:35 CET.

Flavor Version Tinstall Tcheck Ttotal Status Flags
r-devel-linux-x86_64-debian-clang 0.6-2 20.99 515.38 536.37 OK
r-devel-linux-x86_64-debian-gcc 0.6-2 19.15 377.22 396.37 OK
r-devel-linux-x86_64-fedora-clang 0.6-2 540.18 OK
r-devel-linux-x86_64-fedora-gcc 0.6-2 554.05 OK
r-devel-windows-ix86+x86_64 0.6-2 75.00 186.00 261.00 OK --no-examples --no-tests --no-vignettes
r-patched-linux-x86_64 0.6-2 18.09 467.65 485.74 OK
r-patched-solaris-x86 0.6-2 691.80 OK
r-release-linux-x86_64 0.6-2 18.91 473.77 492.68 OK
r-release-windows-ix86+x86_64 0.6-2 40.00 181.00 221.00 OK --no-examples --no-tests --no-vignettes
r-release-osx-x86_64 0.6-2 WARN
r-oldrel-windows-ix86+x86_64 0.5-3 44.00 148.00 192.00 OK --no-examples --no-tests --no-vignettes
r-oldrel-osx-x86_64 0.6-2 ERROR

Check Details

Version: 0.6-2
Check: whether package can be installed
Result: WARN
    Found the following significant warnings:
     Warning: 'rgl_init' failed, running with rgl.useNULL = TRUE
Flavor: r-release-osx-x86_64

Version: 0.6-2
Check: dependencies in R code
Result: NOTE
    No protocol specified
Flavor: r-release-osx-x86_64

Version: 0.6-2
Check: S3 generic/method consistency
Result: WARN
    No protocol specified
    See section ‘Generic functions and methods’ in the ‘Writing R
    Extensions’ manual.
Flavor: r-release-osx-x86_64

Version: 0.6-2
Check: replacement functions
Result: WARN
    No protocol specified
    The argument of a replacement function which corresponds to the right
    hand side must be named ‘value’.
Flavor: r-release-osx-x86_64

Version: 0.6-2
Check: foreign function calls
Result: NOTE
    No protocol specified
    See chapter ‘System and foreign language interfaces’ in the ‘Writing R
    Extensions’ manual.
Flavor: r-release-osx-x86_64

Version: 0.6-2
Check: R code for possible problems
Result: NOTE
    No protocol specified
Flavor: r-release-osx-x86_64

Version: 0.6-2
Check: for missing documentation entries
Result: WARN
    No protocol specified
    All user-level objects in a package should have documentation entries.
    See chapter ‘Writing R documentation files’ in the ‘Writing R
    Extensions’ manual.
Flavor: r-release-osx-x86_64

Version: 0.6-2
Check: for code/documentation mismatches
Result: WARN
    No protocol specified
    No protocol specified
    No protocol specified
Flavor: r-release-osx-x86_64

Version: 0.6-2
Check: Rd \usage sections
Result: NOTE
    No protocol specified
    The \usage entries for S3 methods should use the \method markup and not
    their full name.
    See chapter ‘Writing R documentation files’ in the ‘Writing R
    Extensions’ manual.
Flavor: r-release-osx-x86_64

Version: 0.6-2
Check: whether package can be installed
Result: ERROR
    Installation failed.
Flavor: r-oldrel-osx-x86_64