CRAN Package Check Results for Package tagcloud

Last updated on 2020-06-01 01:51:13 CEST.

Flavor Version Tinstall Tcheck Ttotal Status Flags
r-devel-linux-x86_64-debian-clang 0.6 21.83 41.96 63.79 OK
r-devel-linux-x86_64-debian-gcc 0.6 16.54 32.49 49.03 OK
r-devel-linux-x86_64-fedora-clang 0.6 91.66 NOTE
r-devel-linux-x86_64-fedora-gcc 0.6 85.80 NOTE
r-devel-windows-ix86+x86_64 0.6 63.00 109.00 172.00 OK
r-patched-linux-x86_64 0.6 17.87 41.31 59.18 OK
r-patched-solaris-x86 0.6 95.60 OK
r-release-linux-x86_64 0.6 18.04 40.89 58.93 OK
r-release-osx-x86_64 0.6 OK
r-release-windows-ix86+x86_64 0.6 47.00 206.00 253.00 OK
r-oldrel-osx-x86_64 0.6 OK
r-oldrel-windows-ix86+x86_64 0.6 61.00 68.00 129.00 OK

Check Details

Version: 0.6
Check: compiled code
Result: NOTE
    File ‘tagcloud/libs/tagcloud.so’:
     Found no calls to: ‘R_registerRoutines’, ‘R_useDynamicSymbols’
    
    It is good practice to register native routines and to disable symbol
    search.
    
    See ‘Writing portable packages’ in the ‘Writing R Extensions’ manual.
Flavors: r-devel-linux-x86_64-fedora-clang, r-devel-linux-x86_64-fedora-gcc