CRAN Package Check Results for Package tagcloud

Last updated on 2019-10-21 05:47:15 CEST.

Flavor Version Tinstall Tcheck Ttotal Status Flags
r-devel-linux-x86_64-debian-clang 0.6 20.53 39.81 60.34 OK
r-devel-linux-x86_64-debian-gcc 0.6 13.93 32.15 46.08 OK
r-devel-linux-x86_64-fedora-clang 0.6 81.97 NOTE
r-devel-linux-x86_64-fedora-gcc 0.6 80.39 NOTE
r-devel-windows-ix86+x86_64 0.6 34.00 90.00 124.00 OK
r-patched-linux-x86_64 0.6 16.97 39.41 56.38 OK
r-patched-solaris-x86 0.6 92.70 OK
r-release-linux-x86_64 0.6 18.19 41.34 59.53 OK
r-release-windows-ix86+x86_64 0.6 51.00 80.00 131.00 OK
r-release-osx-x86_64 0.6 OK
r-oldrel-windows-ix86+x86_64 0.6 39.00 62.00 101.00 OK
r-oldrel-osx-x86_64 0.6 OK

Check Details

Version: 0.6
Check: compiled code
Result: NOTE
    File ‘tagcloud/libs/tagcloud.so’:
     Found no calls to: ‘R_registerRoutines’, ‘R_useDynamicSymbols’
    
    It is good practice to register native routines and to disable symbol
    search.
    
    See ‘Writing portable packages’ in the ‘Writing R Extensions’ manual.
Flavors: r-devel-linux-x86_64-fedora-clang, r-devel-linux-x86_64-fedora-gcc