CRAN Package Check Results for Package tbm

Last updated on 2019-10-22 01:49:41 CEST.

Flavor Version Tinstall Tcheck Ttotal Status Flags
r-devel-linux-x86_64-debian-clang 0.3-1 6.42 459.57 465.99 OK
r-devel-linux-x86_64-debian-gcc 0.3-1 7.46 336.88 344.34 OK
r-devel-linux-x86_64-fedora-clang 0.3-1 547.69 OK
r-devel-linux-x86_64-fedora-gcc 0.3-1 549.71 OK
r-devel-windows-ix86+x86_64 0.3-1 17.00 607.00 624.00 OK
r-patched-linux-x86_64 0.3-1 7.97 436.17 444.14 OK
r-patched-solaris-x86 0.3-1 847.80 NOTE
r-release-linux-x86_64 0.3-1 7.59 439.39 446.98 OK
r-release-windows-ix86+x86_64 0.3-1 26.00 503.00 529.00 OK
r-release-osx-x86_64 0.3-1 OK
r-oldrel-windows-ix86+x86_64 0.3-1 8.00 468.00 476.00 OK
r-oldrel-osx-x86_64 0.3-1 OK

Additional issues

ATLAS MKL noLD OpenBLAS

Check Details

Version: 0.3-1
Check: installed package size
Result: NOTE
     installed size is 5.1Mb
     sub-directories of 1Mb or more:
     doc 1.9Mb
     simulations 3.1Mb
Flavor: r-patched-solaris-x86