CRAN Package Check Results for Package textcat

Last updated on 2019-11-22 00:49:28 CET.

Flavor Version Tinstall Tcheck Ttotal Status Flags
r-devel-linux-x86_64-debian-clang 1.0-6 2.37 20.22 22.59 OK
r-devel-linux-x86_64-debian-gcc 1.0-6 2.14 17.02 19.16 OK
r-devel-linux-x86_64-fedora-clang 1.0-6 28.36 NOTE
r-devel-linux-x86_64-fedora-gcc 1.0-6 28.12 NOTE
r-devel-windows-ix86+x86_64 1.0-6 8.00 46.00 54.00 OK
r-devel-windows-ix86+x86_64-gcc8 1.0-6 10.00 36.00 46.00 OK
r-patched-linux-x86_64 1.0-6 2.16 19.89 22.05 OK
r-patched-solaris-x86 1.0-6 42.80 NOTE
r-release-linux-x86_64 1.0-6 1.84 19.91 21.75 OK
r-release-windows-ix86+x86_64 1.0-6 10.00 48.00 58.00 OK
r-release-osx-x86_64 1.0-6 NOTE
r-oldrel-windows-ix86+x86_64 1.0-6 4.00 43.00 47.00 OK
r-oldrel-osx-x86_64 1.0-6 NOTE

Check Details

Version: 1.0-6
Check: data for non-ASCII characters
Result: NOTE
     Note: found 10051 marked UTF-8 strings
     Note: found 10523 strings marked as "bytes"
Flavors: r-devel-linux-x86_64-fedora-clang, r-devel-linux-x86_64-fedora-gcc, r-patched-solaris-x86, r-release-osx-x86_64, r-oldrel-osx-x86_64