CRAN Package Check Results for Package textreadr

Last updated on 2019-10-22 01:49:41 CEST.

Flavor Version Tinstall Tcheck Ttotal Status Flags
r-devel-linux-x86_64-debian-clang 0.9.0 3.26 31.11 34.37 OK
r-devel-linux-x86_64-debian-gcc 0.9.0 2.65 23.80 26.45 OK
r-devel-linux-x86_64-fedora-clang 0.9.0 40.39 OK
r-devel-linux-x86_64-fedora-gcc 0.9.0 38.64 OK
r-devel-windows-ix86+x86_64 0.9.0 9.00 61.00 70.00 OK
r-patched-linux-x86_64 0.9.0 3.06 29.43 32.49 OK
r-patched-solaris-x86 0.9.0 62.90 NOTE
r-release-linux-x86_64 0.9.0 3.01 29.54 32.55 OK
r-release-windows-ix86+x86_64 0.9.0 10.00 42.00 52.00 OK
r-release-osx-x86_64 0.9.0 OK
r-oldrel-windows-ix86+x86_64 0.9.0 5.00 42.00 47.00 OK
r-oldrel-osx-x86_64 0.9.0 OK

Check Details

Version: 0.9.0
Check: package dependencies
Result: NOTE
    Package suggested but not available for checking: ‘tesseract’
Flavor: r-patched-solaris-x86

Version: 0.9.0
Check: Rd cross-references
Result: NOTE
    Package unavailable to check Rd xrefs: ‘tesseract’
Flavor: r-patched-solaris-x86