CRAN Package Check Results for Package textreadr

Last updated on 2020-06-06 02:07:15 CEST.

Flavor Version Tinstall Tcheck Ttotal Status Flags
r-devel-linux-x86_64-debian-clang 0.9.0 3.80 35.19 38.99 OK
r-devel-linux-x86_64-debian-gcc 0.9.0 2.85 26.35 29.20 OK
r-devel-linux-x86_64-fedora-clang 0.9.0 57.59 OK
r-devel-linux-x86_64-fedora-gcc 0.9.0 44.02 OK
r-devel-windows-ix86+x86_64 0.9.0 16.00 50.00 66.00 OK
r-patched-linux-x86_64 0.9.0 3.91 32.98 36.89 OK
r-patched-solaris-x86 0.9.0 68.80 NOTE
r-release-linux-x86_64 0.9.0 3.89 33.52 37.41 OK
r-release-osx-x86_64 0.9.0 OK
r-release-windows-ix86+x86_64 0.9.0 15.00 64.00 79.00 OK
r-oldrel-osx-x86_64 0.9.0 OK
r-oldrel-windows-ix86+x86_64 0.9.0 14.00 45.00 59.00 OK

Check Details

Version: 0.9.0
Check: package dependencies
Result: NOTE
    Package suggested but not available for checking: ‘tesseract’
Flavor: r-patched-solaris-x86

Version: 0.9.0
Check: Rd cross-references
Result: NOTE
    Package unavailable to check Rd xrefs: ‘tesseract’
Flavor: r-patched-solaris-x86