CRAN Package Check Results for Package textutils

Last updated on 2020-07-04 02:50:46 CEST.

Flavor Version Tinstall Tcheck Ttotal Status Flags
r-devel-linux-x86_64-debian-clang 0.2-0 2.52 28.03 30.55 OK
r-devel-linux-x86_64-debian-gcc 0.2-0 1.85 22.52 24.37 OK
r-devel-linux-x86_64-fedora-clang 0.2-0 45.50 NOTE
r-devel-linux-x86_64-fedora-gcc 0.2-0 35.73 OK
r-devel-windows-ix86+x86_64 0.2-0 8.00 46.00 54.00 OK
r-patched-linux-x86_64 0.2-0 2.61 28.28 30.89 OK
r-patched-solaris-x86 0.2-0 53.70 OK
r-release-linux-x86_64 0.2-0 2.30 28.61 30.91 OK
r-release-osx-x86_64 0.2-0 OK
r-release-windows-ix86+x86_64 0.2-0 6.00 54.00 60.00 OK
r-oldrel-osx-x86_64 0.2-0 OK
r-oldrel-windows-ix86+x86_64 0.2-0 8.00 46.00 54.00 OK

Check Details

Version: 0.2-0
Check: Rd cross-references
Result: NOTE
    Undeclared package ‘NMOF’ in Rd xrefs
Flavor: r-devel-linux-x86_64-fedora-clang