CRAN Package Check Results for Package threeboost

Last updated on 2020-10-01 01:48:55 CEST.

Flavor Version Tinstall Tcheck Ttotal Status Flags
r-devel-linux-x86_64-debian-clang 1.1 2.39 34.02 36.41 NOTE
r-devel-linux-x86_64-debian-gcc 1.1 1.77 25.68 27.45 NOTE
r-devel-linux-x86_64-fedora-clang 1.1 53.60 NOTE
r-devel-linux-x86_64-fedora-gcc 1.1 42.93 NOTE
r-devel-windows-ix86+x86_64 1.1 5.00 40.00 45.00 NOTE
r-patched-linux-x86_64 1.1 2.14 33.02 35.16 NOTE
r-patched-solaris-x86 1.1 59.00 NOTE
r-release-linux-x86_64 1.1 2.41 33.12 35.53 NOTE
r-release-macos-x86_64 1.1 NOTE
r-release-windows-ix86+x86_64 1.1 6.00 47.00 53.00 NOTE
r-oldrel-macos-x86_64 1.1 NOTE
r-oldrel-windows-ix86+x86_64 1.1 5.00 50.00 55.00 NOTE

Check Details

Version: 1.1
Check: R code for possible problems
Result: NOTE
    coef_traceplot: no visible global function definition for 'rainbow'
    coef_traceplot: no visible global function definition for 'abline'
    coef_traceplot : <anonymous>: no visible global function definition for
     'lines'
    coef_traceplot: no visible global function definition for 'text'
    ee.GEE.aux : <anonymous>: no visible global function definition for
     'combn'
    Undefined global functions or variables:
     abline combn lines rainbow text
    Consider adding
     importFrom("grDevices", "rainbow")
     importFrom("graphics", "abline", "lines", "text")
     importFrom("utils", "combn")
    to your NAMESPACE file.
Flavors: r-devel-linux-x86_64-debian-clang, r-devel-linux-x86_64-debian-gcc, r-devel-linux-x86_64-fedora-clang, r-devel-linux-x86_64-fedora-gcc, r-devel-windows-ix86+x86_64, r-patched-linux-x86_64, r-patched-solaris-x86, r-release-linux-x86_64, r-release-macos-x86_64, r-release-windows-ix86+x86_64

Version: 1.1
Check: R code for possible problems
Result: NOTE
    coef_traceplot: no visible global function definition for ‘rainbow’
    coef_traceplot: no visible global function definition for ‘plot’
    coef_traceplot: no visible global function definition for ‘abline’
    coef_traceplot : <anonymous>: no visible global function definition for
     ‘lines’
    coef_traceplot: no visible global function definition for ‘text’
    ee.GEE.aux : <anonymous>: no visible global function definition for
     ‘combn’
    Undefined global functions or variables:
     abline combn lines plot rainbow text
    Consider adding
     importFrom("grDevices", "rainbow")
     importFrom("graphics", "abline", "lines", "plot", "text")
     importFrom("utils", "combn")
    to your NAMESPACE file.
Flavors: r-oldrel-macos-x86_64, r-oldrel-windows-ix86+x86_64