CRAN Package Check Results for Package thsls

Last updated on 2020-05-28 01:53:30 CEST.

Flavor Version Tinstall Tcheck Ttotal Status Flags
r-devel-linux-x86_64-debian-clang 0.1 1.72 18.90 20.62 NOTE
r-devel-linux-x86_64-debian-gcc 0.1 1.28 15.21 16.49 NOTE
r-devel-linux-x86_64-fedora-clang 0.1 27.03 NOTE
r-devel-linux-x86_64-fedora-gcc 0.1 25.32 NOTE
r-devel-windows-ix86+x86_64 0.1 7.00 42.00 49.00 NOTE
r-patched-linux-x86_64 0.1 1.50 18.98 20.48 NOTE
r-patched-solaris-x86 0.1 39.20 NOTE
r-release-linux-x86_64 0.1 1.84 19.04 20.88 NOTE
r-release-osx-x86_64 0.1 NOTE
r-release-windows-ix86+x86_64 0.1 6.00 41.00 47.00 NOTE
r-oldrel-osx-x86_64 0.1 NOTE
r-oldrel-windows-ix86+x86_64 0.1 4.00 46.00 50.00 NOTE

Check Details

Version: 0.1
Check: R code for possible problems
Result: NOTE
    summary.tsls: no visible global function definition for 'printCoefmat'
    threesls: no visible global function definition for 'cor'
    threesls: no visible global function definition for 'pt'
    tsls.formula: no visible global function definition for 'model.matrix'
    tsls.formula: no visible global function definition for
     'model.response'
    Undefined global functions or variables:
     cor model.matrix model.response printCoefmat pt
    Consider adding
     importFrom("stats", "cor", "model.matrix", "model.response",
     "printCoefmat", "pt")
    to your NAMESPACE file.
Flavors: r-devel-linux-x86_64-debian-clang, r-devel-linux-x86_64-debian-gcc, r-devel-linux-x86_64-fedora-clang, r-devel-linux-x86_64-fedora-gcc, r-devel-windows-ix86+x86_64, r-patched-linux-x86_64, r-patched-solaris-x86, r-release-linux-x86_64, r-release-osx-x86_64, r-release-windows-ix86+x86_64, r-oldrel-osx-x86_64, r-oldrel-windows-ix86+x86_64