CRAN Package Check Results for Package tibble

Last updated on 2020-05-31 01:48:56 CEST.

Flavor Version Tinstall Tcheck Ttotal Status Flags
r-devel-linux-x86_64-debian-clang 3.0.1 8.91 85.93 94.84 OK
r-devel-linux-x86_64-debian-gcc 3.0.1 5.81 68.12 73.93 OK
r-devel-linux-x86_64-fedora-clang 3.0.1 120.74 OK
r-devel-linux-x86_64-fedora-gcc 3.0.1 113.38 OK
r-devel-windows-ix86+x86_64 3.0.1 4.00 52.00 56.00 ERROR
r-patched-linux-x86_64 3.0.1 6.98 87.70 94.68 OK
r-patched-solaris-x86 3.0.1 148.10 OK
r-release-linux-x86_64 3.0.1 6.76 87.08 93.84 OK
r-release-osx-x86_64 3.0.1 OK
r-release-windows-ix86+x86_64 3.0.1 18.00 220.00 238.00 OK
r-oldrel-osx-x86_64 3.0.1 OK
r-oldrel-windows-ix86+x86_64 3.0.1 16.00 128.00 144.00 OK

Check Details

Version: 3.0.1
Check: whether package can be installed
Result: ERROR
    Installation failed.
Flavor: r-devel-windows-ix86+x86_64