CRAN Package Check Results for Package tibble

Last updated on 2019-09-18 01:47:08 CEST.

Flavor Version Tinstall Tcheck Ttotal Status Flags
r-devel-linux-x86_64-debian-clang 2.1.3 5.82 53.46 59.28 OK
r-devel-linux-x86_64-debian-gcc 2.1.3 5.23 43.90 49.13 OK
r-devel-linux-x86_64-fedora-clang 2.1.3 71.12 OK
r-devel-linux-x86_64-fedora-gcc 2.1.3 71.23 OK
r-devel-windows-ix86+x86_64 2.1.3 3.00 5.00 8.00 ERROR
r-patched-linux-x86_64 2.1.3 5.56 54.40 59.96 OK
r-patched-solaris-x86 2.1.3 117.00 OK
r-release-linux-x86_64 2.1.3 5.60 53.98 59.58 OK
r-release-windows-ix86+x86_64 2.1.3 14.00 127.00 141.00 OK
r-release-osx-x86_64 2.1.3 OK
r-oldrel-windows-ix86+x86_64 2.1.3 18.00 85.00 103.00 OK
r-oldrel-osx-x86_64 2.1.3 OK

Check Details

Version: 2.1.3
Check: whether package can be installed
Result: ERROR
    Installation failed.
Flavor: r-devel-windows-ix86+x86_64