CRAN Package Check Results for Package tidyposterior

Last updated on 2020-06-01 01:51:13 CEST.

Flavor Version Tinstall Tcheck Ttotal Status Flags
r-devel-linux-x86_64-debian-clang 0.0.2 13.64 171.34 184.98 WARN
r-devel-linux-x86_64-debian-gcc 0.0.2 10.93 128.80 139.73 WARN
r-devel-linux-x86_64-fedora-clang 0.0.2 241.28 WARN
r-devel-linux-x86_64-fedora-gcc 0.0.2 228.26 WARN
r-devel-windows-ix86+x86_64 0.0.2 38.00 209.00 247.00 WARN
r-patched-linux-x86_64 0.0.2 0.28 2.55 2.83 ERROR
r-patched-solaris-x86 0.0.2 310.50 OK
r-release-linux-x86_64 0.0.2 0.26 2.41 2.67 ERROR
r-release-osx-x86_64 0.0.2 OK
r-release-windows-ix86+x86_64 0.0.2 30.00 315.00 345.00 OK
r-oldrel-osx-x86_64 0.0.2 OK
r-oldrel-windows-ix86+x86_64 0.0.2 31.00 171.00 202.00 OK

Check Details

Version: 0.0.2
Check: whether package can be installed
Result: WARN
    Found the following significant warnings:
     Warning: S4 exports specified in 'NAMESPACE' but not defined in package 'rsample'
     Warning: S4 exports specified in 'NAMESPACE' but not defined in package 'tidyposterior'
Flavors: r-devel-linux-x86_64-debian-clang, r-devel-windows-ix86+x86_64

Version: 0.0.2
Check: whether the namespace can be loaded with stated dependencies
Result: NOTE
    Warning: S4 exports specified in 'NAMESPACE' but not defined in package 'tidyposterior'
    
    A namespace must be able to be loaded with just the base namespace
    loaded: otherwise if the namespace gets loaded by a saved object, the
    session will be unable to start.
    
    Probably some imports need to be declared in the NAMESPACE file.
Flavors: r-devel-linux-x86_64-debian-clang, r-devel-windows-ix86+x86_64

Version: 0.0.2
Check: whether the namespace can be loaded with stated dependencies
Result: WARN
    Warning: S4 exports specified in 'NAMESPACE' but not defined in package ‘tidyposterior’
Flavors: r-devel-linux-x86_64-debian-gcc, r-devel-linux-x86_64-fedora-clang, r-devel-linux-x86_64-fedora-gcc

Version: 0.0.2
Check: package dependencies
Result: ERROR
    Package required but not available: ‘rstanarm’
    
    See section ‘The DESCRIPTION file’ in the ‘Writing R Extensions’
    manual.
Flavors: r-patched-linux-x86_64, r-release-linux-x86_64