CRAN Package Check Results for Package tidyr

Last updated on 2020-06-01 01:51:13 CEST.

Flavor Version Tinstall Tcheck Ttotal Status Flags
r-devel-linux-x86_64-debian-clang 1.1.0 40.61 95.42 136.03 OK
r-devel-linux-x86_64-debian-gcc 1.1.0 31.36 74.02 105.38 OK
r-devel-linux-x86_64-fedora-clang 1.1.0 185.92 NOTE
r-devel-linux-x86_64-fedora-gcc 1.1.0 162.10 NOTE
r-devel-windows-ix86+x86_64 1.1.0 105.00 191.00 296.00 OK
r-patched-linux-x86_64 1.1.0 31.79 92.79 124.58 OK
r-patched-solaris-x86 1.1.0 184.90 NOTE
r-release-linux-x86_64 1.1.0 30.34 93.79 124.13 OK
r-release-osx-x86_64 1.1.0 NOTE
r-release-windows-ix86+x86_64 1.1.0 82.00 242.00 324.00 OK
r-oldrel-osx-x86_64 1.1.0 NOTE
r-oldrel-windows-ix86+x86_64 1.1.0 108.00 190.00 298.00 OK

Check Details

Version: 1.1.0
Check: data for non-ASCII characters
Result: NOTE
     Note: found 24 marked UTF-8 strings
Flavors: r-devel-linux-x86_64-fedora-clang, r-devel-linux-x86_64-fedora-gcc, r-patched-solaris-x86, r-release-osx-x86_64, r-oldrel-osx-x86_64