CRAN Package Check Results for Package tidyr

Last updated on 2019-09-17 01:50:23 CEST.

Flavor Version Tinstall Tcheck Ttotal Status Flags
r-devel-linux-x86_64-debian-clang 1.0.0 33.10 79.56 112.66 OK
r-devel-linux-x86_64-debian-gcc 1.0.0 OK
r-devel-linux-x86_64-fedora-clang 1.0.0 145.22 NOTE
r-devel-linux-x86_64-fedora-gcc 1.0.0 146.53 NOTE
r-devel-windows-ix86+x86_64 1.0.0 70.00 113.00 183.00 OK
r-patched-linux-x86_64 1.0.0 29.87 76.95 106.82 OK
r-patched-solaris-x86 1.0.0 158.60 NOTE
r-release-linux-x86_64 1.0.0 29.21 78.98 108.19 OK
r-release-windows-ix86+x86_64 1.0.0 66.00 119.00 185.00 OK
r-release-osx-x86_64 1.0.0 NOTE
r-oldrel-windows-ix86+x86_64 1.0.0 82.00 162.00 244.00 OK
r-oldrel-osx-x86_64 1.0.0 NOTE

Check Details

Version: 1.0.0
Check: data for non-ASCII characters
Result: NOTE
     Note: found 24 marked UTF-8 strings
Flavors: r-devel-linux-x86_64-fedora-clang, r-devel-linux-x86_64-fedora-gcc, r-patched-solaris-x86, r-release-osx-x86_64, r-oldrel-osx-x86_64