CRAN Package Check Results for Package tigger

Last updated on 2019-10-23 03:48:42 CEST.

Flavor Version Tinstall Tcheck Ttotal Status Flags
r-devel-linux-x86_64-debian-clang 0.4.0 18.98 170.59 189.57 OK
r-devel-linux-x86_64-debian-gcc 0.4.0 15.46 135.33 150.79 OK
r-devel-linux-x86_64-fedora-clang 0.4.0 230.31 OK
r-devel-linux-x86_64-fedora-gcc 0.4.0 224.49 OK
r-devel-windows-ix86+x86_64 0.4.0 34.00 245.00 279.00 OK
r-patched-linux-x86_64 0.4.0 17.66 167.21 184.87 OK
r-patched-solaris-x86 0.4.0 259.00 WARN
r-release-linux-x86_64 0.4.0 15.90 170.14 186.04 OK
r-release-windows-ix86+x86_64 0.4.0 46.00 190.00 236.00 OK
r-release-osx-x86_64 0.4.0 WARN
r-oldrel-windows-ix86+x86_64 0.4.0 29.00 244.00 273.00 OK
r-oldrel-osx-x86_64 0.4.0 WARN

Check Details

Version: 0.4.0
Check: re-building of vignette outputs
Result: WARN
    Error(s) in re-building vignettes:
     ...
    --- re-building ‘Tigger-Vignette.Rmd’ using rmarkdown
    Warning in engine$weave(file, quiet = quiet, encoding = enc) :
     The vignette engine knitr::rmarkdown is not available, because the rmarkdown package is not installed. Please install it.
    Loading required package: ggplot2
    
    Attaching package: 'dplyr'
    
    The following objects are masked from 'package:stats':
    
     filter, lag
    
    The following objects are masked from 'package:base':
    
     intersect, setdiff, setequal, union
    
    sh: nproc: not found
    Quitting from lines 107-109 (Tigger-Vignette.Rmd)
    Error: processing vignette 'Tigger-Vignette.Rmd' failed with diagnostics:
    error in running command: 'Illegal seek'
    --- failed re-building ‘Tigger-Vignette.Rmd’
    
    SUMMARY: processing the following file failed:
     ‘Tigger-Vignette.Rmd’
    
    Error: Vignette re-building failed.
    Execution halted
Flavor: r-patched-solaris-x86

Version: 0.4.0
Check: re-building of vignette outputs
Result: WARN
    Error(s) in re-building vignettes:
    --- re-building ‘Tigger-Vignette.Rmd’ using rmarkdown
    Warning in engine$weave(file, quiet = quiet, encoding = enc) :
     Pandoc (>= 1.12.3) and/or pandoc-citeproc not available. Falling back to R Markdown v1.
    Loading required package: ggplot2
    
    Attaching package: 'dplyr'
    
    The following objects are masked from 'package:stats':
    
     filter, lag
    
    The following objects are masked from 'package:base':
    
     intersect, setdiff, setequal, union
    
    sh: sysctl: command not found
    Quitting from lines 107-109 (Tigger-Vignette.Rmd)
    Error: processing vignette 'Tigger-Vignette.Rmd' failed with diagnostics:
    error in running command
    --- failed re-building ‘Tigger-Vignette.Rmd’
    
    SUMMARY: processing the following file failed:
     ‘Tigger-Vignette.Rmd’
    
    Error: Vignette re-building failed.
    Execution halted
Flavor: r-release-osx-x86_64

Version: 0.4.0
Check: re-building of vignette outputs
Result: WARN
    Error in re-building vignettes:
     ...
    Warning in engine$weave(file, quiet = quiet, encoding = enc) :
     Pandoc (>= 1.12.3) and/or pandoc-citeproc not available. Falling back to R Markdown v1.
    Loading required package: ggplot2
    
    Attaching package: 'dplyr'
    
    The following objects are masked from 'package:stats':
    
     filter, lag
    
    The following objects are masked from 'package:base':
    
     intersect, setdiff, setequal, union
    
    sh: sysctl: command not found
    Quitting from lines 107-109 (Tigger-Vignette.Rmd)
    Error: processing vignette 'Tigger-Vignette.Rmd' failed with diagnostics:
    error in running command
    Execution halted
Flavor: r-oldrel-osx-x86_64