CRAN Package Check Results for Package tiler

Last updated on 2019-10-21 05:47:15 CEST.

Flavor Version Tinstall Tcheck Ttotal Status Flags
r-devel-linux-x86_64-debian-clang 0.2.1 2.09 43.61 45.70 OK
r-devel-linux-x86_64-debian-gcc 0.2.1 1.60 36.02 37.62 OK
r-devel-linux-x86_64-fedora-clang 0.2.1 54.50 NOTE
r-devel-linux-x86_64-fedora-gcc 0.2.1 53.93 NOTE
r-devel-windows-ix86+x86_64 0.2.1 6.00 55.00 61.00 OK
r-patched-linux-x86_64 0.2.1 1.42 44.11 45.53 OK
r-patched-solaris-x86 0.2.1 87.70 WARN
r-release-linux-x86_64 0.2.1 1.81 42.62 44.43 OK
r-release-windows-ix86+x86_64 0.2.1 6.00 56.00 62.00 OK
r-release-osx-x86_64 0.2.1 WARN
r-oldrel-windows-ix86+x86_64 0.2.1 3.00 54.00 57.00 OK
r-oldrel-osx-x86_64 0.2.1 WARN

Check Details

Version: 0.2.1
Check: dependencies in R code
Result: NOTE
    Namespace in Imports field not imported from: ‘rgdal’
     All declared Imports should be used.
Flavors: r-devel-linux-x86_64-fedora-clang, r-devel-linux-x86_64-fedora-gcc, r-patched-solaris-x86, r-release-osx-x86_64, r-oldrel-osx-x86_64

Version: 0.2.1
Check: re-building of vignette outputs
Result: WARN
    Error(s) in re-building vignettes:
     ...
    --- re-building ‘tiler.Rmd’ using rmarkdown
    Warning in engine$weave(file, quiet = quiet, encoding = enc) :
     Pandoc (>= 1.12.3) and/or pandoc-citeproc not available. Falling back to R Markdown v1.
    Warning in block_exec(params) :
     Failed to tidy R code in chunk 'ex1'. Reason:
    Error in loadNamespace(name) : there is no package called 'formatR'
    
    Loading required package: sp
    Warning in block_exec(params) :
     Failed to tidy R code in chunk 'ex2'. Reason:
    Error in loadNamespace(name) : there is no package called 'formatR'
    
    Warning in block_exec(params) :
     Failed to tidy R code in chunk 'ex3'. Reason:
    Error in loadNamespace(name) : there is no package called 'formatR'
    
    Warning in block_exec(params) :
     Failed to tidy R code in chunk 'ex4'. Reason:
    Error in loadNamespace(name) : there is no package called 'formatR'
    
    Warning in block_exec(params) :
     Failed to tidy R code in chunk 'ex5'. Reason:
    Error in loadNamespace(name) : there is no package called 'formatR'
    
    Warning in block_exec(params) :
     Failed to tidy R code in chunk 'ex6'. Reason:
    Error in loadNamespace(name) : there is no package called 'formatR'
    
    Warning in block_exec(params) :
     Failed to tidy R code in chunk 'ex7'. Reason:
    Error in loadNamespace(name) : there is no package called 'formatR'
    
    Warning in block_exec(params) :
     Failed to tidy R code in chunk 'map1_tiles'. Reason:
    Error in loadNamespace(name) : there is no package called 'formatR'
    
    Warning in block_exec(params) :
     Failed to tidy R code in chunk 'map1'. Reason:
    Error in loadNamespace(name) : there is no package called 'formatR'
    
    Quitting from lines 208-214 (tiler.Rmd)
    Error: processing vignette 'tiler.Rmd' failed with diagnostics:
    there is no package called 'webshot'
    --- failed re-building ‘tiler.Rmd’
    
    SUMMARY: processing the following file failed:
     ‘tiler.Rmd’
    
    Error: Vignette re-building failed.
    Execution halted
Flavor: r-patched-solaris-x86

Version: 0.2.1
Check: re-building of vignette outputs
Result: WARN
    Error(s) in re-building vignettes:
     ...
    --- re-building ‘tiler.Rmd’ using rmarkdown
    Warning in engine$weave(file, quiet = quiet, encoding = enc) :
     Pandoc (>= 1.12.3) and/or pandoc-citeproc not available. Falling back to R Markdown v1.
    Loading required package: sp
    PhantomJS not found. You can install it with webshot::install_phantomjs(). If it is installed, please make sure the phantomjs executable can be found via the PATH variable.
    Quitting from lines 208-214 (tiler.Rmd)
    Error: processing vignette 'tiler.Rmd' failed with diagnostics:
    cannot open the connection
    --- failed re-building ‘tiler.Rmd’
    
    SUMMARY: processing the following file failed:
     ‘tiler.Rmd’
    
    Error: Vignette re-building failed.
    Execution halted
Flavor: r-release-osx-x86_64

Version: 0.2.1
Check: re-building of vignette outputs
Result: WARN
    Error in re-building vignettes:
     ...
    Warning in engine$weave(file, quiet = quiet, encoding = enc) :
     Pandoc (>= 1.12.3) and/or pandoc-citeproc not available. Falling back to R Markdown v1.
    Loading required package: sp
    PhantomJS not found. You can install it with webshot::install_phantomjs(). If it is installed, please make sure the phantomjs executable can be found via the PATH variable.
    Quitting from lines 208-214 (tiler.Rmd)
    Error: processing vignette 'tiler.Rmd' failed with diagnostics:
    cannot open the connection
    Execution halted
Flavor: r-oldrel-osx-x86_64