CRAN Package Check Results for Package tmvtnorm

Last updated on 2019-09-23 01:46:55 CEST.

Flavor Version Tinstall Tcheck Ttotal Status Flags
r-devel-linux-x86_64-debian-clang 1.4-10 10.02 85.46 95.48 OK
r-devel-linux-x86_64-debian-gcc 1.4-10 8.63 66.85 75.48 OK
r-devel-linux-x86_64-fedora-clang 1.4-10 119.78 NOTE
r-devel-linux-x86_64-fedora-gcc 1.4-10 119.28 NOTE
r-devel-windows-ix86+x86_64 1.4-10 32.00 138.00 170.00 OK
r-patched-linux-x86_64 1.4-10 8.92 83.51 92.43 OK
r-patched-solaris-x86 1.4-10 167.20 OK
r-release-linux-x86_64 1.4-10 9.50 84.81 94.31 OK
r-release-windows-ix86+x86_64 1.4-10 29.00 179.00 208.00 OK
r-release-osx-x86_64 1.4-10 OK
r-oldrel-windows-ix86+x86_64 1.4-10 16.00 152.00 168.00 OK
r-oldrel-osx-x86_64 1.4-10 OK

Check Details

Version: 1.4-10
Check: compiled code
Result: NOTE
    File ‘tmvtnorm/libs/tmvtnorm.so’:
     Found no calls to: ‘R_registerRoutines’, ‘R_useDynamicSymbols’
    
    It is good practice to register native routines and to disable symbol
    search.
    
    See ‘Writing portable packages’ in the ‘Writing R Extensions’ manual.
Flavors: r-devel-linux-x86_64-fedora-clang, r-devel-linux-x86_64-fedora-gcc