CRAN Package Check Results for Package tmvtnorm

Last updated on 2020-05-27 01:48:47 CEST.

Flavor Version Tinstall Tcheck Ttotal Status Flags
r-devel-linux-x86_64-debian-clang 1.4-10 12.57 97.94 110.51 OK
r-devel-linux-x86_64-debian-gcc 1.4-10 8.00 75.36 83.36 OK
r-devel-linux-x86_64-fedora-clang 1.4-10 136.29 NOTE
r-devel-linux-x86_64-fedora-gcc 1.4-10 131.37 NOTE
r-devel-windows-ix86+x86_64 1.4-10 29.00 230.00 259.00 OK
r-patched-linux-x86_64 1.4-10 10.42 98.17 108.59 OK
r-patched-solaris-x86 1.4-10 183.90 OK
r-release-linux-x86_64 1.4-10 10.80 98.21 109.01 OK
r-release-osx-x86_64 1.4-10 OK
r-release-windows-ix86+x86_64 1.4-10 24.00 205.00 229.00 OK
r-oldrel-osx-x86_64 1.4-10 OK
r-oldrel-windows-ix86+x86_64 1.4-10 22.00 146.00 168.00 OK

Check Details

Version: 1.4-10
Check: compiled code
Result: NOTE
    File ‘tmvtnorm/libs/tmvtnorm.so’:
     Found no calls to: ‘R_registerRoutines’, ‘R_useDynamicSymbols’
    
    It is good practice to register native routines and to disable symbol
    search.
    
    See ‘Writing portable packages’ in the ‘Writing R Extensions’ manual.
Flavors: r-devel-linux-x86_64-fedora-clang, r-devel-linux-x86_64-fedora-gcc