CRAN Package Check Results for Package tradestatistics

Last updated on 2020-05-28 01:53:31 CEST.

Flavor Version Tinstall Tcheck Ttotal Status Flags
r-devel-linux-x86_64-debian-clang 1.0 4.27 106.95 111.22 OK
r-devel-linux-x86_64-debian-gcc 1.0 3.11 81.24 84.35 OK
r-devel-linux-x86_64-fedora-clang 1.0 127.27 OK
r-devel-linux-x86_64-fedora-gcc 1.0 115.18 OK
r-devel-windows-ix86+x86_64 1.0 13.00 151.00 164.00 OK
r-patched-linux-x86_64 1.0 3.74 100.90 104.64 OK
r-patched-solaris-x86 1.0 156.40 WARN
r-release-linux-x86_64 1.0 3.97 101.58 105.55 OK
r-release-osx-x86_64 1.0 OK
r-release-windows-ix86+x86_64 1.0 10.00 142.00 152.00 OK
r-oldrel-osx-x86_64 1.0 WARN
r-oldrel-windows-ix86+x86_64 1.0 8.00 110.00 118.00 OK

Check Details

Version: 1.0
Check: re-building of vignette outputs
Result: WARN
    Error(s) in re-building vignettes:
     ...
    --- re-building ‘basic-usage.Rmd’ using rmarkdown
    Warning in engine$weave(file, quiet = quiet, encoding = enc) :
     Pandoc (>= 1.12.3) and/or pandoc-citeproc not available. Falling back to R Markdown v1.
    
    Attaching package: 'DT'
    
    The following object is masked _by_ '.GlobalEnv':
    
     datatable
    
    Quitting from lines 49-50 (basic-usage.Rmd)
    Error: processing vignette 'basic-usage.Rmd' failed with diagnostics:
    there is no package called 'webshot'
    --- failed re-building ‘basic-usage.Rmd’
    
    SUMMARY: processing the following file failed:
     ‘basic-usage.Rmd’
    
    Error: Vignette re-building failed.
    Execution halted
Flavor: r-patched-solaris-x86

Version: 1.0
Check: re-building of vignette outputs
Result: WARN
    Error(s) in re-building vignettes:
     ...
    --- re-building ‘basic-usage.Rmd’ using rmarkdown
    Warning in engine$weave(file, quiet = quiet, encoding = enc) :
     Pandoc (>= 1.12.3) and/or pandoc-citeproc not available. Falling back to R Markdown v1.
    
    Attaching package: 'DT'
    
    The following object is masked _by_ '.GlobalEnv':
    
     datatable
    
    PhantomJS not found. You can install it with webshot::install_phantomjs(). If it is installed, please make sure the phantomjs executable can be found via the PATH variable.
    Quitting from lines 49-50 (basic-usage.Rmd)
    Error: processing vignette 'basic-usage.Rmd' failed with diagnostics:
    cannot open the connection
    --- failed re-building ‘basic-usage.Rmd’
    
    SUMMARY: processing the following file failed:
     ‘basic-usage.Rmd’
    
    Error: Vignette re-building failed.
    Execution halted
Flavor: r-oldrel-osx-x86_64