CRAN Package Check Results for Package translateR

Last updated on 2020-05-28 01:53:31 CEST.

Flavor Version Tinstall Tcheck Ttotal Status Flags
r-devel-linux-x86_64-debian-clang 1.0 2.93 27.84 30.77 NOTE
r-devel-linux-x86_64-debian-gcc 1.0 2.48 22.22 24.70 NOTE
r-devel-linux-x86_64-fedora-clang 1.0 38.50 NOTE
r-devel-linux-x86_64-fedora-gcc 1.0 37.17 NOTE
r-devel-windows-ix86+x86_64 1.0 12.00 56.00 68.00 NOTE
r-patched-linux-x86_64 1.0 3.26 27.74 31.00 NOTE
r-patched-solaris-x86 1.0 59.90 NOTE
r-release-linux-x86_64 1.0 2.67 28.22 30.89 NOTE
r-release-osx-x86_64 1.0 NOTE
r-release-windows-ix86+x86_64 1.0 7.00 69.00 76.00 NOTE
r-oldrel-osx-x86_64 1.0 NOTE
r-oldrel-windows-ix86+x86_64 1.0 6.00 41.00 47.00 NOTE

Check Details

Version: 1.0
Check: R code for possible problems
Result: NOTE
    microsoftTranslate: no visible global function definition for
     'URLencode'
    Undefined global functions or variables:
     URLencode
    Consider adding
     importFrom("utils", "URLencode")
    to your NAMESPACE file.
Flavors: r-devel-linux-x86_64-debian-clang, r-devel-linux-x86_64-debian-gcc, r-devel-linux-x86_64-fedora-clang, r-devel-linux-x86_64-fedora-gcc, r-devel-windows-ix86+x86_64, r-patched-linux-x86_64, r-patched-solaris-x86, r-release-linux-x86_64, r-release-osx-x86_64, r-release-windows-ix86+x86_64, r-oldrel-osx-x86_64, r-oldrel-windows-ix86+x86_64