CRAN Package Check Results for Package translateR

Last updated on 2019-10-23 03:48:42 CEST.

Flavor Version Tinstall Tcheck Ttotal Status Flags
r-devel-linux-x86_64-debian-clang 1.0 2.64 24.69 27.33 NOTE
r-devel-linux-x86_64-debian-gcc 1.0 2.25 20.37 22.62 NOTE
r-devel-linux-x86_64-fedora-clang 1.0 34.26 NOTE
r-devel-linux-x86_64-fedora-gcc 1.0 33.33 NOTE
r-devel-windows-ix86+x86_64 1.0 7.00 49.00 56.00 NOTE
r-patched-linux-x86_64 1.0 2.25 25.13 27.38 NOTE
r-patched-solaris-x86 1.0 54.90 NOTE
r-release-linux-x86_64 1.0 2.51 24.64 27.15 NOTE
r-release-windows-ix86+x86_64 1.0 11.00 40.00 51.00 NOTE
r-release-osx-x86_64 1.0 NOTE
r-oldrel-windows-ix86+x86_64 1.0 6.00 56.00 62.00 NOTE
r-oldrel-osx-x86_64 1.0 NOTE

Check Details

Version: 1.0
Check: R code for possible problems
Result: NOTE
    microsoftTranslate: no visible global function definition for
     'URLencode'
    Undefined global functions or variables:
     URLencode
    Consider adding
     importFrom("utils", "URLencode")
    to your NAMESPACE file.
Flavors: r-devel-linux-x86_64-debian-clang, r-devel-linux-x86_64-debian-gcc, r-devel-linux-x86_64-fedora-clang, r-devel-linux-x86_64-fedora-gcc, r-devel-windows-ix86+x86_64, r-patched-linux-x86_64, r-patched-solaris-x86, r-release-linux-x86_64, r-release-windows-ix86+x86_64, r-release-osx-x86_64, r-oldrel-windows-ix86+x86_64, r-oldrel-osx-x86_64