CRAN Package Check Results for Package triebeard

Last updated on 2020-05-25 01:49:06 CEST.

Flavor Version Tinstall Tcheck Ttotal Status Flags
r-devel-linux-x86_64-debian-clang 0.3.0 83.31 30.88 114.19 OK
r-devel-linux-x86_64-debian-gcc 0.3.0 62.70 24.36 87.06 OK
r-devel-linux-x86_64-fedora-clang 0.3.0 170.69 NOTE
r-devel-linux-x86_64-fedora-gcc 0.3.0 145.57 NOTE
r-devel-windows-ix86+x86_64 0.3.0 209.00 96.00 305.00 OK
r-patched-linux-x86_64 0.3.0 64.61 30.62 95.23 OK
r-patched-solaris-x86 0.3.0 138.70 OK
r-release-linux-x86_64 0.3.0 62.71 30.49 93.20 OK
r-release-osx-x86_64 0.3.0 OK
r-release-windows-ix86+x86_64 0.3.0 160.00 95.00 255.00 OK
r-oldrel-osx-x86_64 0.3.0 OK
r-oldrel-windows-ix86+x86_64 0.3.0 166.00 95.00 261.00 OK

Check Details

Version: 0.3.0
Check: installed package size
Result: NOTE
     installed size is 5.3Mb
     sub-directories of 1Mb or more:
     libs 5.1Mb
Flavor: r-devel-linux-x86_64-fedora-clang

Version: 0.3.0
Check: compiled code
Result: NOTE
    File ‘triebeard/libs/triebeard.so’:
     Found no calls to: ‘R_registerRoutines’, ‘R_useDynamicSymbols’
    
    It is good practice to register native routines and to disable symbol
    search.
    
    See ‘Writing portable packages’ in the ‘Writing R Extensions’ manual.
Flavors: r-devel-linux-x86_64-fedora-clang, r-devel-linux-x86_64-fedora-gcc