CRAN Package Check Results for Package triebeard

Last updated on 2019-10-13 01:46:29 CEST.

Flavor Version Tinstall Tcheck Ttotal Status Flags
r-devel-linux-x86_64-debian-clang 0.3.0 77.91 27.20 105.11 OK
r-devel-linux-x86_64-debian-gcc 0.3.0 54.10 22.14 76.24 OK
r-devel-linux-x86_64-fedora-clang 0.3.0 162.92 NOTE
r-devel-linux-x86_64-fedora-gcc 0.3.0 142.59 NOTE
r-devel-windows-ix86+x86_64 0.3.0 133.00 102.00 235.00 OK
r-patched-linux-x86_64 0.3.0 59.77 26.72 86.49 OK
r-patched-solaris-x86 0.3.0 128.30 OK
r-release-linux-x86_64 0.3.0 60.02 27.19 87.21 OK
r-release-windows-ix86+x86_64 0.3.0 167.00 67.00 234.00 OK
r-release-osx-x86_64 0.3.0 OK
r-oldrel-windows-ix86+x86_64 0.3.0 126.00 58.00 184.00 OK
r-oldrel-osx-x86_64 0.3.0 OK

Check Details

Version: 0.3.0
Check: compiled code
Result: NOTE
    File ‘triebeard/libs/triebeard.so’:
     Found no calls to: ‘R_registerRoutines’, ‘R_useDynamicSymbols’
    
    It is good practice to register native routines and to disable symbol
    search.
    
    See ‘Writing portable packages’ in the ‘Writing R Extensions’ manual.
Flavors: r-devel-linux-x86_64-fedora-clang, r-devel-linux-x86_64-fedora-gcc