CRAN Package Check Results for Package tseriesChaos

Last updated on 2020-10-30 00:46:55 CET.

Flavor Version Tinstall Tcheck Ttotal Status Flags
r-devel-linux-x86_64-debian-clang 0.1-13.1 4.69 26.83 31.52 OK
r-devel-linux-x86_64-debian-gcc 0.1-13.1 3.16 20.71 23.87 OK
r-devel-linux-x86_64-fedora-clang 0.1-13.1 48.13 NOTE
r-devel-linux-x86_64-fedora-gcc 0.1-13.1 36.59 NOTE
r-devel-windows-ix86+x86_64 0.1-13.1 16.00 56.00 72.00 OK
r-patched-linux-x86_64 0.1-13.1 3.69 25.40 29.09 OK
r-patched-solaris-x86 0.1-13.1 56.20 OK
r-release-linux-x86_64 0.1-13.1 3.70 25.09 28.79 OK
r-release-macos-x86_64 0.1-13.1 OK
r-release-windows-ix86+x86_64 0.1-13.1 13.00 55.00 68.00 OK
r-oldrel-macos-x86_64 0.1-13.1 OK
r-oldrel-windows-ix86+x86_64 0.1-13.1 24.00 52.00 76.00 OK

Check Details

Version: 0.1-13.1
Check: compiled code
Result: NOTE
    File ‘tseriesChaos/libs/tseriesChaos.so’:
     Found no calls to: ‘R_registerRoutines’, ‘R_useDynamicSymbols’
    
    It is good practice to register native routines and to disable symbol
    search.
    
    See ‘Writing portable packages’ in the ‘Writing R Extensions’ manual.
Flavors: r-devel-linux-x86_64-fedora-clang, r-devel-linux-x86_64-fedora-gcc