CRAN Package Check Results for Package tsibbledata

Last updated on 2019-10-14 01:46:38 CEST.

Flavor Version Tinstall Tcheck Ttotal Status Flags
r-devel-linux-x86_64-debian-clang 0.1.0 4.83 22.44 27.27 OK
r-devel-linux-x86_64-debian-gcc 0.1.0 3.80 18.82 22.62 OK
r-devel-linux-x86_64-fedora-clang 0.1.0 34.76 NOTE
r-devel-linux-x86_64-fedora-gcc 0.1.0 34.36 NOTE
r-devel-windows-ix86+x86_64 0.1.0 10.00 62.00 72.00 OK
r-patched-linux-x86_64 0.1.0 4.51 22.82 27.33 OK
r-patched-solaris-x86 0.1.0 53.60 NOTE
r-release-linux-x86_64 0.1.0 3.70 23.43 27.13 OK
r-release-windows-ix86+x86_64 0.1.0 11.00 35.00 46.00 OK
r-release-osx-x86_64 0.1.0 NOTE
r-oldrel-windows-ix86+x86_64 0.1.0 6.00 38.00 44.00 OK
r-oldrel-osx-x86_64 0.1.0 NOTE

Check Details

Version: 0.1.0
Check: dependencies in R code
Result: NOTE
    Namespace in Imports field not imported from: ‘tsibble’
     All declared Imports should be used.
Flavors: r-devel-linux-x86_64-fedora-clang, r-devel-linux-x86_64-fedora-gcc, r-patched-solaris-x86, r-release-osx-x86_64, r-oldrel-osx-x86_64

Version: 0.1.0
Check: data for non-ASCII characters
Result: NOTE
     Note: found 2 marked UTF-8 strings
Flavors: r-devel-linux-x86_64-fedora-clang, r-devel-linux-x86_64-fedora-gcc, r-patched-solaris-x86, r-release-osx-x86_64, r-oldrel-osx-x86_64