CRAN Package Check Results for Package tvthemes

Last updated on 2019-11-21 00:50:13 CET.

Flavor Version Tinstall Tcheck Ttotal Status Flags
r-devel-linux-x86_64-debian-clang 1.1.0 5.22 78.71 83.93 OK
r-devel-linux-x86_64-debian-gcc 1.1.0 4.60 62.59 67.19 OK
r-devel-linux-x86_64-fedora-clang 1.1.0 98.16 OK
r-devel-linux-x86_64-fedora-gcc 1.1.0 96.08 OK
r-devel-windows-ix86+x86_64 1.1.0 30.00 102.00 132.00 OK
r-devel-windows-ix86+x86_64-gcc8 1.1.0 18.00 101.00 119.00 OK
r-patched-linux-x86_64 1.1.0 5.35 72.83 78.18 OK
r-patched-solaris-x86 1.1.0 133.20 NOTE
r-release-linux-x86_64 1.1.0 4.48 73.25 77.73 OK
r-release-windows-ix86+x86_64 1.1.0 23.00 145.00 168.00 OK
r-release-osx-x86_64 1.1.0 OK
r-oldrel-windows-ix86+x86_64 1.1.0 10.00 132.00 142.00 OK
r-oldrel-osx-x86_64 1.1.0 ERROR

Check Details

Version: 1.1.0
Check: installed package size
Result: NOTE
     installed size is 5.3Mb
     sub-directories of 1Mb or more:
     doc 1.5Mb
     fonts 2.9Mb
Flavor: r-patched-solaris-x86

Version: 1.1.0
Check: package dependencies
Result: ERROR
    Package required and available but unsuitable version: ‘grDevices’
    
    See section ‘The DESCRIPTION file’ in the ‘Writing R Extensions’
    manual.
Flavor: r-oldrel-osx-x86_64