CRAN Package Check Results for Package tvthemes

Last updated on 2020-07-12 18:50:13 CEST.

Flavor Version Tinstall Tcheck Ttotal Status Flags
r-devel-linux-x86_64-debian-clang 1.1.0 6.13 81.41 87.54 OK
r-devel-linux-x86_64-debian-gcc 1.1.0 5.05 62.30 67.35 OK
r-devel-linux-x86_64-fedora-clang 1.1.0 113.60 OK
r-devel-linux-x86_64-fedora-gcc 1.1.0 102.08 OK
r-devel-windows-ix86+x86_64 1.1.0 16.00 148.00 164.00 OK
r-patched-linux-x86_64 1.1.0 6.24 78.15 84.39 OK
r-patched-solaris-x86 1.1.0 142.40 NOTE
r-release-linux-x86_64 1.1.0 7.15 78.14 85.29 OK
r-release-macos-x86_64 1.1.0 OK
r-release-windows-ix86+x86_64 1.1.0 27.00 96.00 123.00 OK
r-oldrel-macos-x86_64 1.1.0 OK
r-oldrel-windows-ix86+x86_64 1.1.0 21.00 110.00 131.00 OK

Check Details

Version: 1.1.0
Check: installed package size
Result: NOTE
     installed size is 5.3Mb
     sub-directories of 1Mb or more:
     doc 1.5Mb
     fonts 2.9Mb
Flavor: r-patched-solaris-x86