CRAN Package Check Results for Package updog

Last updated on 2019-10-23 03:48:43 CEST.

Flavor Version Tinstall Tcheck Ttotal Status Flags
r-devel-linux-x86_64-debian-clang 1.1.1 147.21 107.03 254.24 OK
r-devel-linux-x86_64-debian-gcc 1.1.1 111.82 78.41 190.23 OK
r-devel-linux-x86_64-fedora-clang 1.1.1 343.57 NOTE
r-devel-linux-x86_64-fedora-gcc 1.1.1 346.88 OK
r-devel-windows-ix86+x86_64 1.1.1 292.00 264.00 556.00 OK
r-patched-linux-x86_64 1.1.1 121.74 103.25 224.99 OK
r-patched-solaris-x86 1.1.1 407.50 OK
r-release-linux-x86_64 1.1.1 125.11 103.59 228.70 OK
r-release-windows-ix86+x86_64 1.1.1 392.00 257.00 649.00 OK
r-release-osx-x86_64 1.1.1 NOTE
r-oldrel-windows-ix86+x86_64 1.1.1 356.00 243.00 599.00 OK
r-oldrel-osx-x86_64 1.1.1 OK

Check Details

Version: 1.1.1
Check: installed package size
Result: NOTE
     installed size is 5.9Mb
     sub-directories of 1Mb or more:
     libs 4.9Mb
Flavors: r-devel-linux-x86_64-fedora-clang, r-release-osx-x86_64