CRAN Package Check Results for Package upmfit

Last updated on 2019-10-14 01:46:38 CEST.

Flavor Version Tinstall Tcheck Ttotal Status Flags
r-devel-linux-x86_64-debian-clang 0.1.0 1.84 27.89 29.73 OK
r-devel-linux-x86_64-debian-gcc 0.1.0 1.54 23.02 24.56 OK
r-devel-linux-x86_64-fedora-clang 0.1.0 38.97 NOTE
r-devel-linux-x86_64-fedora-gcc 0.1.0 37.73 NOTE
r-devel-windows-ix86+x86_64 0.1.0 7.00 58.00 65.00 NOTE
r-patched-linux-x86_64 0.1.0 1.64 27.99 29.63 OK
r-patched-solaris-x86 0.1.0 116.10 NOTE
r-release-linux-x86_64 0.1.0 1.63 28.97 30.60 OK
r-release-windows-ix86+x86_64 0.1.0 6.00 47.00 53.00 NOTE
r-release-osx-x86_64 0.1.0 NOTE
r-oldrel-windows-ix86+x86_64 0.1.0 2.00 41.00 43.00 NOTE
r-oldrel-osx-x86_64 0.1.0 NOTE

Check Details

Version: 0.1.0
Check: dependencies in R code
Result: NOTE
    Namespace in Imports field not imported from: ‘mcmcplots’
     All declared Imports should be used.
Flavors: r-devel-linux-x86_64-fedora-clang, r-devel-linux-x86_64-fedora-gcc, r-patched-solaris-x86, r-release-osx-x86_64, r-oldrel-osx-x86_64

Version: 0.1.0
Check: package dependencies
Result: NOTE
    Package suggested but not available for checking: 'doMC'
Flavors: r-devel-windows-ix86+x86_64, r-release-windows-ix86+x86_64, r-oldrel-windows-ix86+x86_64