CRAN Package Check Results for Package urlshorteneR

Last updated on 2019-10-22 01:49:41 CEST.

Flavor Version Tinstall Tcheck Ttotal Status Flags
r-devel-linux-x86_64-debian-clang 1.1.2 4.40 37.05 41.45 OK
r-devel-linux-x86_64-debian-gcc 1.1.2 3.19 30.12 33.31 OK
r-devel-linux-x86_64-fedora-clang 1.1.2 52.33 OK
r-devel-linux-x86_64-fedora-gcc 1.1.2 50.83 OK
r-devel-windows-ix86+x86_64 1.1.2 10.00 91.00 101.00 OK
r-patched-linux-x86_64 1.1.2 4.52 37.90 42.42 OK
r-patched-solaris-x86 1.1.2 81.10 OK
r-release-linux-x86_64 1.1.2 4.05 37.28 41.33 OK
r-release-windows-ix86+x86_64 1.1.2 12.00 62.00 74.00 OK
r-release-osx-x86_64 1.1.2 OK
r-oldrel-windows-ix86+x86_64 0.9.2 4.00 62.00 66.00 OK
r-oldrel-osx-x86_64 1.1.2 ERROR

Check Details

Version: 1.1.2
Check: whether package can be installed
Result: ERROR
    Installation failed.
Flavor: r-oldrel-osx-x86_64