CRAN Package Check Results for Package utilsIPEA

Last updated on 2019-10-22 01:49:41 CEST.

Flavor Version Tinstall Tcheck Ttotal Status Flags
r-devel-linux-x86_64-debian-clang 0.0.6 3.42 33.41 36.83 OK
r-devel-linux-x86_64-debian-gcc 0.0.6 2.97 26.42 29.39 OK
r-devel-linux-x86_64-fedora-clang 0.0.6 47.29 NOTE
r-devel-linux-x86_64-fedora-gcc 0.0.6 45.41 NOTE
r-devel-windows-ix86+x86_64 0.0.6 10.00 70.00 80.00 OK
r-patched-linux-x86_64 0.0.6 3.36 32.19 35.55 OK
r-patched-solaris-x86 0.0.6 77.20 NOTE
r-release-linux-x86_64 0.0.6 3.76 32.48 36.24 OK
r-release-windows-ix86+x86_64 0.0.6 15.00 54.00 69.00 OK
r-release-osx-x86_64 0.0.6 NOTE
r-oldrel-windows-ix86+x86_64 0.0.6 5.00 41.00 46.00 OK
r-oldrel-osx-x86_64 0.0.6 NOTE

Check Details

Version: 0.0.6
Check: dependencies in R code
Result: NOTE
    Namespaces in Imports field not imported from:
     ‘RCurl’ ‘stringdist’ ‘utils’
     All declared Imports should be used.
Flavors: r-devel-linux-x86_64-fedora-clang, r-devel-linux-x86_64-fedora-gcc, r-patched-solaris-x86, r-release-osx-x86_64, r-oldrel-osx-x86_64