CRAN Package Check Results for Package utilsIPEA

Last updated on 2020-06-05 01:50:18 CEST.

Flavor Version Tinstall Tcheck Ttotal Status Flags
r-devel-linux-x86_64-debian-clang 0.0.6 4.70 37.01 41.71 OK
r-devel-linux-x86_64-debian-gcc 0.0.6 3.29 28.49 31.78 OK
r-devel-linux-x86_64-fedora-clang 0.0.6 59.19 NOTE
r-devel-linux-x86_64-fedora-gcc 0.0.6 49.72 NOTE
r-devel-windows-ix86+x86_64 0.0.6 19.00 72.00 91.00 OK
r-patched-linux-x86_64 0.0.6 3.56 36.44 40.00 OK
r-patched-solaris-x86 0.0.6 82.20 NOTE
r-release-linux-x86_64 0.0.6 3.82 36.30 40.12 OK
r-release-osx-x86_64 0.0.6 NOTE
r-release-windows-ix86+x86_64 0.0.6 9.00 50.00 59.00 OK
r-oldrel-osx-x86_64 0.0.6 NOTE
r-oldrel-windows-ix86+x86_64 0.0.6 13.00 50.00 63.00 OK

Check Details

Version: 0.0.6
Check: dependencies in R code
Result: NOTE
    Namespaces in Imports field not imported from:
     ‘RCurl’ ‘stringdist’ ‘utils’
     All declared Imports should be used.
Flavors: r-devel-linux-x86_64-fedora-clang, r-devel-linux-x86_64-fedora-gcc, r-patched-solaris-x86, r-release-osx-x86_64, r-oldrel-osx-x86_64