CRAN Package Check Results for Package vanddraabe

Last updated on 2019-10-17 02:47:38 CEST.

Flavor Version Tinstall Tcheck Ttotal Status Flags
r-devel-linux-x86_64-debian-clang 1.1.1 8.65 64.79 73.44 OK
r-devel-linux-x86_64-debian-gcc 1.1.1 7.83 51.24 59.07 OK
r-devel-linux-x86_64-fedora-clang 1.1.1 89.33 OK
r-devel-linux-x86_64-fedora-gcc 1.1.1 86.76 OK
r-devel-windows-ix86+x86_64 1.1.1 28.00 86.00 114.00 OK
r-patched-linux-x86_64 1.1.1 7.31 62.59 69.90 OK
r-patched-solaris-x86 1.1.1 128.40 OK
r-release-linux-x86_64 1.1.1 8.41 64.05 72.46 OK
r-release-windows-ix86+x86_64 1.1.1 18.00 128.00 146.00 OK
r-release-osx-x86_64 1.1.1 OK
r-oldrel-osx-x86_64 1.1.1 ERROR

Check Details

Version: 1.1.1
Check: whether package can be installed
Result: ERROR
    Installation failed.
Flavor: r-oldrel-osx-x86_64