CRAN Package Check Results for Package vegan3d

Last updated on 2020-06-03 01:51:03 CEST.

Flavor Version Tinstall Tcheck Ttotal Status Flags
r-devel-linux-x86_64-debian-clang 1.1-2 9.78 74.58 84.36 OK
r-devel-linux-x86_64-debian-gcc 1.1-2 8.59 59.00 67.59 OK
r-devel-linux-x86_64-fedora-clang 1.1-2 111.70 OK
r-devel-linux-x86_64-fedora-gcc 1.1-2 101.00 OK
r-devel-windows-ix86+x86_64 1.1-2 28.00 134.00 162.00 OK
r-patched-linux-x86_64 1.1-2 9.93 74.34 84.27 OK
r-patched-solaris-x86 1.1-2 158.60 OK
r-release-linux-x86_64 1.1-2 9.72 74.14 83.86 OK
r-release-osx-x86_64 1.1-2 OK
r-release-windows-ix86+x86_64 1.1-2 24.00 113.00 137.00 OK
r-oldrel-osx-x86_64 1.1-2 WARN
r-oldrel-windows-ix86+x86_64 1.1-2 19.00 76.00 95.00 OK

Check Details

Version: 1.1-2
Check: whether package can be installed
Result: WARN
    Found the following significant warnings:
     Warning: 'rgl_init' failed, running with rgl.useNULL = TRUE
Flavor: r-oldrel-osx-x86_64