CRAN Package Check Results for Package vennplot

Last updated on 2020-04-03 04:47:42 CEST.

Flavor Version Tinstall Tcheck Ttotal Status Flags
r-devel-linux-x86_64-debian-clang 1.0 23.84 49.54 73.38 OK
r-devel-linux-x86_64-debian-gcc 1.0 17.68 39.76 57.44 OK
r-devel-linux-x86_64-fedora-clang 1.0 105.89 OK
r-devel-linux-x86_64-fedora-gcc 1.0 93.54 OK
r-devel-windows-ix86+x86_64 1.0 47.00 86.00 133.00 OK
r-devel-windows-ix86+x86_64-gcc8 1.0 51.00 88.00 139.00 OK
r-patched-linux-x86_64 1.0 21.06 48.15 69.21 OK
r-patched-solaris-x86 1.0 129.50 OK
r-release-linux-x86_64 1.0 19.85 46.60 66.45 OK
r-release-windows-ix86+x86_64 1.0 55.00 123.00 178.00 OK
r-release-osx-x86_64 1.0 WARN
r-oldrel-windows-ix86+x86_64 1.0 42.00 86.00 128.00 OK
r-oldrel-osx-x86_64 1.0 OK

Check Details

Version: 1.0
Check: whether package can be installed
Result: WARN
    Found the following significant warnings:
     Warning: 'rgl_init' failed, running with rgl.useNULL = TRUE
Flavor: r-release-osx-x86_64