CRAN Package Check Results for Package viafr

Last updated on 2020-05-25 01:49:07 CEST.

Flavor Version Tinstall Tcheck Ttotal Status Flags
r-devel-linux-x86_64-debian-clang 0.2.0 4.56 49.26 53.82 OK
r-devel-linux-x86_64-debian-gcc 0.2.0 3.88 37.90 41.78 OK
r-devel-linux-x86_64-fedora-clang 0.2.0 69.84 NOTE
r-devel-linux-x86_64-fedora-gcc 0.2.0 64.88 NOTE
r-devel-windows-ix86+x86_64 0.2.0 26.00 74.00 100.00 OK
r-patched-linux-x86_64 0.2.0 4.85 48.24 53.09 OK
r-patched-solaris-x86 0.2.0 96.20 NOTE
r-release-linux-x86_64 0.2.0 5.09 47.85 52.94 OK
r-release-osx-x86_64 0.2.0 NOTE
r-release-windows-ix86+x86_64 0.2.0 17.00 98.00 115.00 OK
r-oldrel-osx-x86_64 0.2.0 NOTE
r-oldrel-windows-ix86+x86_64 0.2.0 13.00 94.00 107.00 OK

Check Details

Version: 0.2.0
Check: data for non-ASCII characters
Result: NOTE
     Note: found 2 marked UTF-8 strings
Flavors: r-devel-linux-x86_64-fedora-clang, r-devel-linux-x86_64-fedora-gcc, r-patched-solaris-x86, r-release-osx-x86_64, r-oldrel-osx-x86_64