CRAN Package Check Results for Package viafr

Last updated on 2019-10-16 05:47:17 CEST.

Flavor Version Tinstall Tcheck Ttotal Status Flags
r-devel-linux-x86_64-debian-clang 0.1.0 3.91 42.12 46.03 OK
r-devel-linux-x86_64-debian-gcc 0.1.0 3.25 32.43 35.68 OK
r-devel-linux-x86_64-fedora-clang 0.1.0 54.58 NOTE
r-devel-linux-x86_64-fedora-gcc 0.1.0 52.68 NOTE
r-devel-windows-ix86+x86_64 0.1.0 10.00 92.00 102.00 OK
r-patched-linux-x86_64 0.1.0 2.93 38.34 41.27 ERROR
r-patched-solaris-x86 0.1.0 76.70 NOTE
r-release-linux-x86_64 0.1.0 3.41 40.82 44.23 OK
r-release-windows-ix86+x86_64 0.1.0 9.00 106.00 115.00 OK
r-release-osx-x86_64 0.1.0 NOTE
r-oldrel-windows-ix86+x86_64 0.1.0 6.00 68.00 74.00 OK
r-oldrel-osx-x86_64 0.1.0 NOTE

Check Details

Version: 0.1.0
Check: data for non-ASCII characters
Result: NOTE
     Note: found 2 marked UTF-8 strings
Flavors: r-devel-linux-x86_64-fedora-clang, r-devel-linux-x86_64-fedora-gcc, r-patched-solaris-x86, r-release-osx-x86_64, r-oldrel-osx-x86_64

Version: 0.1.0
Check: tests
Result: ERROR
     Running ‘testthat.R’ [6s/424s]
    Running the tests in ‘tests/testthat.R’ failed.
    Complete output:
     > library(testthat)
     > library(viafr)
     >
     > test_check("viafr")
     ── 1. Error: valid query (@test_search.R#41) ──────────────────────────────────
     subscript out of bounds
     1: expect_equal(class(result$source_ids[[1]]), tbl_class) at testthat/test_search.R:41
     2: quasi_label(enquo(object), label, arg = "object")
     3: eval_bare(get_expr(quo), get_env(quo))
    
     ══ testthat results ═══════════════════════════════════════════════════════════
     [ OK: 39 | SKIPPED: 0 | WARNINGS: 35 | FAILED: 1 ]
     1. Error: valid query (@test_search.R#41)
    
     Error: testthat unit tests failed
     Execution halted
Flavor: r-patched-linux-x86_64