CRAN Package Check Results for Package vines

Last updated on 2019-11-22 00:49:30 CET.

Flavor Version Tinstall Tcheck Ttotal Status Flags
r-devel-linux-x86_64-debian-clang 1.1.5 10.68 88.49 99.17 OK
r-devel-linux-x86_64-debian-gcc 1.1.5 11.57 72.49 84.06 OK
r-devel-linux-x86_64-fedora-clang 1.1.5 116.66 NOTE
r-devel-linux-x86_64-fedora-gcc 1.1.5 120.90 NOTE
r-devel-windows-ix86+x86_64 1.1.5 34.00 162.00 196.00 OK
r-devel-windows-ix86+x86_64-gcc8 1.1.5 32.00 138.00 170.00 OK
r-patched-linux-x86_64 1.1.5 12.02 82.81 94.83 OK
r-patched-solaris-x86 1.1.5 175.40 OK
r-release-linux-x86_64 1.1.5 10.79 83.62 94.41 OK
r-release-windows-ix86+x86_64 1.1.5 40.00 189.00 229.00 OK
r-release-osx-x86_64 1.1.5 OK
r-oldrel-windows-ix86+x86_64 1.1.5 17.00 163.00 180.00 OK
r-oldrel-osx-x86_64 1.1.5 OK

Check Details

Version: 1.1.5
Check: compiled code
Result: NOTE
    File ‘vines/libs/vines.so’:
     Found no call to: ‘R_useDynamicSymbols’
    
    It is good practice to register native routines and to disable symbol
    search.
    
    See ‘Writing portable packages’ in the ‘Writing R Extensions’ manual.
Flavors: r-devel-linux-x86_64-fedora-clang, r-devel-linux-x86_64-fedora-gcc