CRAN Package Check Results for Package vosonSML

Last updated on 2020-05-27 01:48:48 CEST.

Flavor Version Tinstall Tcheck Ttotal Status Flags
r-devel-linux-x86_64-debian-clang 0.29.10 18.29 123.72 142.01 OK
r-devel-linux-x86_64-debian-gcc 0.29.10 18.02 94.19 112.21 OK
r-devel-linux-x86_64-fedora-clang 0.29.10 186.38 OK
r-devel-linux-x86_64-fedora-gcc 0.29.10 168.69 OK
r-devel-windows-ix86+x86_64 0.29.10 57.00 189.00 246.00 OK
r-patched-linux-x86_64 0.29.10 14.17 120.16 134.33 OK
r-patched-solaris-x86 0.29.10 5.20 ERROR
r-release-linux-x86_64 0.29.10 17.05 119.98 137.03 OK
r-release-osx-x86_64 0.29.10 OK
r-release-windows-ix86+x86_64 0.29.10 59.00 187.00 246.00 OK
r-oldrel-osx-x86_64 0.29.10 OK
r-oldrel-windows-ix86+x86_64 0.29.10 35.00 133.00 168.00 OK

Check Details

Version: 0.29.10
Check: package dependencies
Result: ERROR
    Packages required but not available: 'httpuv', 'rtweet'
    
    See section ‘The DESCRIPTION file’ in the ‘Writing R Extensions’
    manual.
Flavor: r-patched-solaris-x86