CRAN Package Check Results for Package wavScalogram

Last updated on 2020-03-31 01:52:59 CEST.

Flavor Version Tinstall Tcheck Ttotal Status Flags
r-devel-linux-x86_64-debian-clang 1.0.0 6.05 49.05 55.10 OK
r-devel-linux-x86_64-debian-gcc 1.0.0 5.32 37.95 43.27 OK
r-devel-linux-x86_64-fedora-clang 1.0.0 64.58 NOTE
r-devel-linux-x86_64-fedora-gcc 1.0.0 63.35 NOTE
r-devel-windows-ix86+x86_64 1.0.0 13.00 55.00 68.00 OK
r-devel-windows-ix86+x86_64-gcc8 1.0.0 12.00 62.00 74.00 OK
r-patched-linux-x86_64 1.0.0 5.88 46.93 52.81 OK
r-patched-solaris-x86 1.0.0 97.80 NOTE
r-release-linux-x86_64 1.0.0 4.71 44.05 48.76 OK
r-release-windows-ix86+x86_64 1.0.0 15.00 82.00 97.00 OK
r-release-osx-x86_64 1.0.0 NOTE
r-oldrel-windows-ix86+x86_64 1.0.0 10.00 74.00 84.00 OK
r-oldrel-osx-x86_64 1.0.0 NOTE

Check Details

Version: 1.0.0
Check: dependencies in R code
Result: NOTE
    Namespaces in Imports field not imported from:
     ‘Matrix’ ‘zoo’
     All declared Imports should be used.
Flavors: r-devel-linux-x86_64-fedora-clang, r-devel-linux-x86_64-fedora-gcc, r-patched-solaris-x86, r-release-osx-x86_64, r-oldrel-osx-x86_64