CRAN Package Check Results for Package wavelets

Last updated on 2020-05-25 01:49:07 CEST.

Flavor Version Tinstall Tcheck Ttotal Status Flags
r-devel-linux-x86_64-debian-clang 0.3-0.2 6.92 40.54 47.46 OK
r-devel-linux-x86_64-debian-gcc 0.3-0.2 5.43 31.96 37.39 OK
r-devel-linux-x86_64-fedora-clang 0.3-0.2 61.39 NOTE
r-devel-linux-x86_64-fedora-gcc 0.3-0.2 58.53 NOTE
r-devel-windows-ix86+x86_64 0.3-0.2 19.00 60.00 79.00 OK
r-patched-linux-x86_64 0.3-0.2 6.16 41.38 47.54 OK
r-patched-solaris-x86 0.3-0.2 79.10 OK
r-release-linux-x86_64 0.3-0.2 6.39 41.14 47.53 OK
r-release-osx-x86_64 0.3-0.2 OK
r-release-windows-ix86+x86_64 0.3-0.2 16.00 86.00 102.00 OK
r-oldrel-osx-x86_64 0.3-0.2 OK
r-oldrel-windows-ix86+x86_64 0.3-0.2 14.00 56.00 70.00 OK

Check Details

Version: 0.3-0.2
Check: compiled code
Result: NOTE
    File ‘wavelets/libs/wavelets.so’:
     Found no calls to: ‘R_registerRoutines’, ‘R_useDynamicSymbols’
    
    It is good practice to register native routines and to disable symbol
    search.
    
    See ‘Writing portable packages’ in the ‘Writing R Extensions’ manual.
Flavors: r-devel-linux-x86_64-fedora-clang, r-devel-linux-x86_64-fedora-gcc