CRAN Package Check Results for Package wavelets

Last updated on 2019-10-14 01:46:39 CEST.

Flavor Version Tinstall Tcheck Ttotal Status Flags
r-devel-linux-x86_64-debian-clang 0.3-0.1 6.48 37.12 43.60 OK
r-devel-linux-x86_64-debian-gcc 0.3-0.1 4.94 29.58 34.52 OK
r-devel-linux-x86_64-fedora-clang 0.3-0.1 52.56 NOTE
r-devel-linux-x86_64-fedora-gcc 0.3-0.1 51.71 NOTE
r-devel-windows-ix86+x86_64 0.3-0.1 22.00 57.00 79.00 OK
r-patched-linux-x86_64 0.3-0.1 4.71 36.81 41.52 OK
r-patched-solaris-x86 0.3-0.1 70.70 OK
r-release-linux-x86_64 0.3-0.1 5.78 37.40 43.18 OK
r-release-windows-ix86+x86_64 0.3-0.1 14.00 82.00 96.00 OK
r-release-osx-x86_64 0.3-0.1 OK
r-oldrel-windows-ix86+x86_64 0.3-0.1 10.00 49.00 59.00 OK
r-oldrel-osx-x86_64 0.3-0.1 OK

Check Details

Version: 0.3-0.1
Check: compiled code
Result: NOTE
    File ‘wavelets/libs/wavelets.so’:
     Found no calls to: ‘R_registerRoutines’, ‘R_useDynamicSymbols’
    
    It is good practice to register native routines and to disable symbol
    search.
    
    See ‘Writing portable packages’ in the ‘Writing R Extensions’ manual.
Flavors: r-devel-linux-x86_64-fedora-clang, r-devel-linux-x86_64-fedora-gcc