CRAN Package Check Results for Package waveslim

Last updated on 2019-11-18 00:54:37 CET.

Flavor Version Tinstall Tcheck Ttotal Status Flags
r-devel-linux-x86_64-debian-clang 1.7.5.1 10.97 59.56 70.53 OK
r-devel-linux-x86_64-debian-gcc 1.7.5.1 7.89 49.12 57.01 OK
r-devel-linux-x86_64-fedora-clang 1.7.5.1 83.28 NOTE
r-devel-linux-x86_64-fedora-gcc 1.7.5.1 85.41 NOTE
r-devel-windows-ix86+x86_64 1.7.5.1 21.00 99.00 120.00 OK
r-patched-linux-x86_64 1.7.5.1 9.57 58.51 68.08 OK
r-patched-solaris-x86 1.7.5.1 112.40 OK
r-release-linux-x86_64 1.7.5.1 9.42 58.52 67.94 OK
r-release-windows-ix86+x86_64 1.7.5.1 25.00 131.00 156.00 OK
r-release-osx-x86_64 1.7.5.1 OK
r-oldrel-windows-ix86+x86_64 1.7.5.1 18.00 87.00 105.00 OK
r-oldrel-osx-x86_64 1.7.5.1 OK

Check Details

Version: 1.7.5.1
Check: compiled code
Result: NOTE
    File ‘waveslim/libs/waveslim.so’:
     Found no calls to: ‘R_registerRoutines’, ‘R_useDynamicSymbols’
    
    It is good practice to register native routines and to disable symbol
    search.
    
    See ‘Writing portable packages’ in the ‘Writing R Extensions’ manual.
Flavors: r-devel-linux-x86_64-fedora-clang, r-devel-linux-x86_64-fedora-gcc