CRAN Package Check Results for Package x12

Last updated on 2020-06-01 01:51:14 CEST.

Flavor Version Tinstall Tcheck Ttotal Status Flags
r-devel-linux-x86_64-debian-clang 1.9.0 12.88 75.22 88.10 NOTE
r-devel-linux-x86_64-debian-gcc 1.9.0 10.26 57.60 67.86 NOTE
r-devel-linux-x86_64-fedora-clang 1.9.0 113.07 NOTE
r-devel-linux-x86_64-fedora-gcc 1.9.0 104.84 NOTE
r-devel-windows-ix86+x86_64 1.9.0 26.00 109.00 135.00 OK
r-patched-linux-x86_64 1.9.0 11.71 74.47 86.18 NOTE
r-patched-solaris-x86 1.9.0 22.60 ERROR
r-release-linux-x86_64 1.9.0 11.20 75.04 86.24 NOTE
r-release-osx-x86_64 1.9.0 OK
r-release-windows-ix86+x86_64 1.9.0 19.00 124.00 143.00 OK
r-oldrel-osx-x86_64 1.9.0 OK
r-oldrel-windows-ix86+x86_64 1.9.0 22.00 89.00 111.00 OK

Check Details

Version: 1.9.0
Check: for non-standard things in the check directory
Result: NOTE
    Found the following files/directories:
     'Rout.a1' 'Rout.b1' 'Rout.d10' 'Rout.d11' 'Rout.d12' 'Rout.dat'
     'Rout.ftr' 'Rout.html' 'Rout.spc' 'Rout_Profiler.txt' 'Rout_err.html'
     'Rout_log.html' 'gra_Rout'
Flavors: r-devel-linux-x86_64-debian-clang, r-devel-linux-x86_64-debian-gcc, r-devel-linux-x86_64-fedora-clang, r-devel-linux-x86_64-fedora-gcc, r-patched-linux-x86_64, r-release-linux-x86_64

Version: 1.9.0
Check: whether package can be installed
Result: ERROR
    Installation failed.
Flavor: r-patched-solaris-x86