CRAN Package Check Results for Package xgb2sql

Last updated on 2019-10-17 02:47:38 CEST.

Flavor Version Tinstall Tcheck Ttotal Status Flags
r-devel-linux-x86_64-debian-clang 0.1.2 2.70 37.33 40.03 NOTE
r-devel-linux-x86_64-debian-gcc 0.1.2 2.03 28.46 30.49 NOTE
r-devel-linux-x86_64-fedora-clang 0.1.2 47.87 NOTE
r-devel-linux-x86_64-fedora-gcc 0.1.2 44.98 NOTE
r-devel-windows-ix86+x86_64 0.1.2 8.00 47.00 55.00 OK
r-patched-linux-x86_64 0.1.2 2.07 34.47 36.54 OK
r-patched-solaris-x86 0.1.2 68.80 OK
r-release-linux-x86_64 0.1.2 2.34 34.27 36.61 OK
r-release-windows-ix86+x86_64 0.1.2 5.00 70.00 75.00 OK
r-release-osx-x86_64 0.1.2 OK
r-oldrel-windows-ix86+x86_64 0.1.2 3.00 45.00 48.00 OK
r-oldrel-osx-x86_64 0.1.2 OK

Check Details

Version: 0.1.2
Check: for non-standard things in the check directory
Result: NOTE
    Found the following files/directories:
     'xgb.txt'
Flavors: r-devel-linux-x86_64-debian-clang, r-devel-linux-x86_64-debian-gcc, r-devel-linux-x86_64-fedora-clang, r-devel-linux-x86_64-fedora-gcc