CRAN Package Check Results for Package xgxr

Last updated on 2019-11-14 00:53:16 CET.

Flavor Version Tinstall Tcheck Ttotal Status Flags
r-devel-linux-x86_64-debian-clang 1.0.5 5.97 96.12 102.09 OK
r-devel-linux-x86_64-debian-gcc 1.0.5 4.95 73.37 78.32 OK
r-devel-linux-x86_64-fedora-clang 1.0.5 123.26 OK
r-devel-linux-x86_64-fedora-gcc 1.0.5 124.89 OK
r-devel-windows-ix86+x86_64 1.0.5 29.00 107.00 136.00 OK
r-patched-linux-x86_64 1.0.5 5.01 90.05 95.06 OK
r-patched-solaris-x86 1.0.5 152.30 NOTE
r-release-linux-x86_64 1.0.5 6.02 91.47 97.49 OK
r-release-windows-ix86+x86_64 1.0.5 24.00 156.00 180.00 OK
r-release-osx-x86_64 1.0.5 OK
r-oldrel-windows-ix86+x86_64 1.0.5 10.00 145.00 155.00 OK
r-oldrel-osx-x86_64 1.0.5 OK

Check Details

Version: 1.0.5
Check: package dependencies
Result: NOTE
    Package suggested but not available for checking: ‘RxODE’
Flavor: r-patched-solaris-x86