CRAN Package Check Results for Package xml2

Last updated on 2020-05-30 02:02:50 CEST.

Flavor Version Tinstall Tcheck Ttotal Status Flags
r-devel-linux-x86_64-debian-clang 1.3.2 14.40 37.52 51.92 OK
r-devel-linux-x86_64-debian-gcc 1.3.2 11.19 29.77 40.96 OK
r-devel-linux-x86_64-fedora-clang 1.3.2 74.86 OK
r-devel-linux-x86_64-fedora-gcc 1.3.2 63.74 OK
r-devel-windows-ix86+x86_64 1.3.2 53.00 115.00 168.00 NOTE
r-patched-linux-x86_64 1.3.2 12.27 37.94 50.21 OK
r-patched-solaris-x86 1.3.2 87.10 OK
r-release-linux-x86_64 1.3.2 11.90 37.98 49.88 OK
r-release-osx-x86_64 1.3.2 WARN
r-release-windows-ix86+x86_64 1.3.2 43.00 126.00 169.00 NOTE
r-oldrel-osx-x86_64 1.3.2 OK
r-oldrel-windows-ix86+x86_64 1.3.2 56.00 80.00 136.00 NOTE

Check Details

Version: 1.3.2
Check: installed package size
Result: NOTE
     installed size is 5.1Mb
     sub-directories of 1Mb or more:
     libs 4.8Mb
Flavors: r-devel-windows-ix86+x86_64, r-release-osx-x86_64, r-release-windows-ix86+x86_64, r-oldrel-windows-ix86+x86_64

Version: 1.3.2
Check: re-building of vignette outputs
Result: WARN
    Error(s) in re-building vignettes:
     ...
    --- re-building ‘modification.Rmd’ using rmarkdown
    Error: processing vignette 'modification.Rmd' failed with diagnostics:
    there is no package called 'stringi'
    --- failed re-building ‘modification.Rmd’
    
    SUMMARY: processing the following file failed:
     ‘modification.Rmd’
    
    Error: Vignette re-building failed.
    Execution halted
Flavor: r-release-osx-x86_64