CRAN Package Check Results for Package xtable

Last updated on 2020-01-28 00:57:35 CET.

Flavor Version Tinstall Tcheck Ttotal Status Flags
r-devel-linux-x86_64-debian-clang 1.8-4 2.47 54.57 57.04 NOTE
r-devel-linux-x86_64-debian-gcc 1.8-4 2.54 43.28 45.82 NOTE
r-devel-linux-x86_64-fedora-clang 1.8-4 77.03 NOTE
r-devel-linux-x86_64-fedora-gcc 1.8-4 73.25 NOTE
r-devel-windows-ix86+x86_64 1.8-4 13.00 103.00 116.00 OK
r-devel-windows-ix86+x86_64-gcc8 1.8-4 12.00 78.00 90.00 OK
r-patched-linux-x86_64 1.8-4 OK
r-patched-solaris-x86 1.8-4 93.60 OK
r-release-linux-x86_64 1.8-4 2.33 51.09 53.42 OK
r-release-windows-ix86+x86_64 1.8-4 9.00 84.00 93.00 OK
r-release-osx-x86_64 1.8-4 OK
r-oldrel-windows-ix86+x86_64 1.8-4 6.00 73.00 79.00 OK
r-oldrel-osx-x86_64 1.8-4 OK

Check Details

Version: 1.8-4
Check: for non-standard things in the check directory
Result: NOTE
    Found the following files/directories:
     'xtable.html' 'xtable.tex'
Flavors: r-devel-linux-x86_64-debian-clang, r-devel-linux-x86_64-debian-gcc, r-devel-linux-x86_64-fedora-clang, r-devel-linux-x86_64-fedora-gcc