CRAN Package Check Results for Package xtable

Last updated on 2019-09-15 01:47:09 CEST.

Flavor Version Tinstall Tcheck Ttotal Status Flags
r-devel-linux-x86_64-debian-clang 1.8-4 2.47 52.16 54.63 NOTE
r-devel-linux-x86_64-debian-gcc 1.8-4 2.13 41.79 43.92 NOTE
r-devel-linux-x86_64-fedora-clang 1.8-4 69.08 NOTE
r-devel-linux-x86_64-fedora-gcc 1.8-4 69.39 NOTE
r-devel-windows-ix86+x86_64 1.8-4 15.00 79.00 94.00 OK
r-patched-linux-x86_64 1.8-4 2.09 52.01 54.10 OK
r-patched-solaris-x86 1.8-4 96.00 OK
r-release-linux-x86_64 1.8-4 3.03 52.23 55.26 OK
r-release-windows-ix86+x86_64 1.8-4 7.00 85.00 92.00 OK
r-release-osx-x86_64 1.8-4 OK
r-oldrel-windows-ix86+x86_64 1.8-4 9.00 79.00 88.00 OK
r-oldrel-osx-x86_64 1.8-4 OK

Check Details

Version: 1.8-4
Check: for non-standard things in the check directory
Result: NOTE
    Found the following files/directories:
     'xtable.html' 'xtable.tex'
Flavors: r-devel-linux-x86_64-debian-clang, r-devel-linux-x86_64-debian-gcc, r-devel-linux-x86_64-fedora-clang, r-devel-linux-x86_64-fedora-gcc