CRAN Package Check Results for Package zoocat

Last updated on 2020-03-31 01:52:59 CEST.

Flavor Version Tinstall Tcheck Ttotal Status Flags
r-devel-linux-x86_64-debian-clang 0.2.0.1 5.10 45.75 50.85 NOTE
r-devel-linux-x86_64-debian-gcc 0.2.0.1 4.69 36.69 41.38 NOTE
r-devel-linux-x86_64-fedora-clang 0.2.0.1 65.21 NOTE
r-devel-linux-x86_64-fedora-gcc 0.2.0.1 63.08 NOTE
r-devel-windows-ix86+x86_64 0.2.0.1 11.00 61.00 72.00 NOTE
r-devel-windows-ix86+x86_64-gcc8 0.2.0.1 11.00 62.00 73.00 NOTE
r-patched-linux-x86_64 0.2.0.1 5.71 44.82 50.53 NOTE
r-patched-solaris-x86 0.2.0.1 107.90 NOTE
r-release-linux-x86_64 0.2.0.1 3.98 41.55 45.53 NOTE
r-release-windows-ix86+x86_64 0.2.0.1 13.00 83.00 96.00 NOTE
r-release-osx-x86_64 0.2.0.1 NOTE
r-oldrel-windows-ix86+x86_64 0.2.0.1 9.00 80.00 89.00 NOTE
r-oldrel-osx-x86_64 0.2.0.1 NOTE

Check Details

Version: 0.2.0.1
Check: Rd \usage sections
Result: NOTE
    S3 methods shown with full name in documentation object 'merge':
     'cbind.zoocat'
    
    The \usage entries for S3 methods should use the \method markup and not
    their full name.
    See chapter 'Writing R documentation files' in the 'Writing R
    Extensions' manual.
Flavors: r-devel-linux-x86_64-debian-clang, r-devel-linux-x86_64-debian-gcc, r-devel-linux-x86_64-fedora-clang, r-devel-linux-x86_64-fedora-gcc, r-devel-windows-ix86+x86_64, r-devel-windows-ix86+x86_64-gcc8, r-patched-linux-x86_64, r-patched-solaris-x86, r-release-linux-x86_64, r-release-windows-ix86+x86_64, r-release-osx-x86_64, r-oldrel-windows-ix86+x86_64, r-oldrel-osx-x86_64

Version: 0.2.0.1
Check: package vignettes
Result: NOTE
    Package vignette with placeholder title 'Vignette Title':
     'my-vignette.Rmd'
Flavors: r-devel-linux-x86_64-debian-clang, r-devel-linux-x86_64-debian-gcc, r-devel-windows-ix86+x86_64, r-devel-windows-ix86+x86_64-gcc8, r-patched-linux-x86_64