CRAN Package Check Results for Package ztable

Last updated on 2019-09-23 01:46:57 CEST.

Flavor Version Tinstall Tcheck Ttotal Status Flags
r-devel-linux-x86_64-debian-clang 0.2.0 7.34 68.98 76.32 OK
r-devel-linux-x86_64-debian-gcc 0.2.0 6.96 56.34 63.30 OK
r-devel-linux-x86_64-fedora-clang 0.2.0 116.81 NOTE
r-devel-linux-x86_64-fedora-gcc 0.2.0 88.98 NOTE
r-devel-windows-ix86+x86_64 0.2.0 18.00 84.00 102.00 OK
r-patched-linux-x86_64 0.2.0 7.74 67.69 75.43 OK
r-patched-solaris-x86 0.2.0 136.80 NOTE
r-release-linux-x86_64 0.2.0 6.71 68.77 75.48 OK
r-release-windows-ix86+x86_64 0.2.0 31.00 144.00 175.00 OK
r-release-osx-x86_64 0.2.0 WARN
r-oldrel-windows-ix86+x86_64 0.2.0 10.00 92.00 102.00 OK
r-oldrel-osx-x86_64 0.2.0 WARN

Check Details

Version: 0.2.0
Check: dependencies in R code
Result: NOTE
    Namespace in Imports field not imported from: ‘moonBook’
     All declared Imports should be used.
Flavors: r-devel-linux-x86_64-fedora-clang, r-devel-linux-x86_64-fedora-gcc, r-patched-solaris-x86, r-release-osx-x86_64, r-oldrel-osx-x86_64

Version: 0.2.0
Check: re-building of vignette outputs
Result: WARN
    Error(s) in re-building vignettes:
    --- re-building ‘heatmapTable.Rmd’ using rmarkdown
    Warning in engine$weave(file, quiet = quiet, encoding = enc) :
     Pandoc (>= 1.12.3) and/or pandoc-citeproc not available. Falling back to R Markdown v1.
    Loading required package: moonBook
    Welcome to package ztable ver 0.2.0
    --- finished re-building ‘heatmapTable.Rmd’
    
    --- re-building ‘ztable.Rmd’ using rmarkdown
    Warning in engine$weave(file, quiet = quiet, encoding = enc) :
     Pandoc (>= 1.12.3) and/or pandoc-citeproc not available. Falling back to R Markdown v1.
    --- finished re-building ‘ztable.Rmd’
    
    --- re-building ‘ztable_update.Rmd’ using rmarkdown
    Warning in engine$weave(file, quiet = quiet, encoding = enc) :
     Pandoc (>= 1.12.3) and/or pandoc-citeproc not available. Falling back to R Markdown v1.
    Quitting from lines 103-108 (ztable_update.Rmd)
    Error: processing vignette 'ztable_update.Rmd' failed with diagnostics:
    `render_flextable` needs to be used as a renderer for a knitr/rmarkdown R code chunk (render by rmarkdown)
    --- failed re-building ‘ztable_update.Rmd’
    
    SUMMARY: processing the following file failed:
     ‘ztable_update.Rmd’
    
    Error: Vignette re-building failed.
    Execution halted
Flavor: r-release-osx-x86_64

Version: 0.2.0
Check: re-building of vignette outputs
Result: WARN
    Error in re-building vignettes:
     ...
    Warning in engine$weave(file, quiet = quiet, encoding = enc) :
     Pandoc (>= 1.12.3) and/or pandoc-citeproc not available. Falling back to R Markdown v1.
    Loading required package: moonBook
    Welcome to package ztable ver 0.2.0
    Warning in engine$weave(file, quiet = quiet, encoding = enc) :
     Pandoc (>= 1.12.3) and/or pandoc-citeproc not available. Falling back to R Markdown v1.
    Quitting from lines 103-108 (ztable_update.Rmd)
    Error: processing vignette 'ztable_update.Rmd' failed with diagnostics:
    `render_flextable` needs to be used as a renderer for a knitr/rmarkdown R code chunk (render by rmarkdown)
    In addition: Warning message:
    In engine$weave(file, quiet = quiet, encoding = enc) :
     Pandoc (>= 1.12.3) and/or pandoc-citeproc not available. Falling back to R Markdown v1.
    Execution halted
Flavor: r-oldrel-osx-x86_64