CRAN Package Check Results for Package ztable

Last updated on 2020-05-27 01:48:49 CEST.

Flavor Version Tinstall Tcheck Ttotal Status Flags
r-devel-linux-x86_64-debian-clang 0.2.0 9.68 74.51 84.19 OK
r-devel-linux-x86_64-debian-gcc 0.2.0 8.10 60.20 68.30 OK
r-devel-linux-x86_64-fedora-clang 0.2.0 129.81 NOTE
r-devel-linux-x86_64-fedora-gcc 0.2.0 107.05 NOTE
r-devel-windows-ix86+x86_64 0.2.0 28.00 143.00 171.00 OK
r-patched-linux-x86_64 0.2.0 8.63 70.69 79.32 OK
r-patched-solaris-x86 0.2.0 151.80 NOTE
r-release-linux-x86_64 0.2.0 8.79 71.13 79.92 OK
r-release-osx-x86_64 0.2.0 NOTE
r-release-windows-ix86+x86_64 0.2.0 34.00 140.00 174.00 OK
r-oldrel-osx-x86_64 0.2.0 WARN
r-oldrel-windows-ix86+x86_64 0.2.0 16.00 106.00 122.00 OK

Check Details

Version: 0.2.0
Check: dependencies in R code
Result: NOTE
    Namespace in Imports field not imported from: ‘moonBook’
     All declared Imports should be used.
Flavors: r-devel-linux-x86_64-fedora-clang, r-devel-linux-x86_64-fedora-gcc, r-patched-solaris-x86, r-release-osx-x86_64, r-oldrel-osx-x86_64

Version: 0.2.0
Check: re-building of vignette outputs
Result: WARN
    Error(s) in re-building vignettes:
    --- re-building ‘heatmapTable.Rmd’ using rmarkdown
    Warning in engine$weave(file, quiet = quiet, encoding = enc) :
     Pandoc (>= 1.12.3) and/or pandoc-citeproc not available. Falling back to R Markdown v1.
    Loading required package: moonBook
    Welcome to package ztable ver 0.2.0
    --- finished re-building ‘heatmapTable.Rmd’
    
    --- re-building ‘ztable.Rmd’ using rmarkdown
    Warning in engine$weave(file, quiet = quiet, encoding = enc) :
     Pandoc (>= 1.12.3) and/or pandoc-citeproc not available. Falling back to R Markdown v1.
    --- finished re-building ‘ztable.Rmd’
    
    --- re-building ‘ztable_update.Rmd’ using rmarkdown
    Warning in engine$weave(file, quiet = quiet, encoding = enc) :
     Pandoc (>= 1.12.3) and/or pandoc-citeproc not available. Falling back to R Markdown v1.
    Quitting from lines 103-108 (ztable_update.Rmd)
    Error: processing vignette 'ztable_update.Rmd' failed with diagnostics:
    `render_flextable` needs to be used as a renderer for a knitr/rmarkdown R code chunk (render by rmarkdown)
    --- failed re-building ‘ztable_update.Rmd’
    
    SUMMARY: processing the following file failed:
     ‘ztable_update.Rmd’
    
    Error: Vignette re-building failed.
    Execution halted
Flavor: r-oldrel-osx-x86_64