CRAN Package Check Results for Package covid19india

Last updated on 2022-01-17 00:48:31 CET.

Flavor Version Tinstall Tcheck Ttotal Status Flags
r-devel-linux-x86_64-debian-clang 0.1.4 16.76 137.57 154.33 OK
r-devel-linux-x86_64-debian-gcc 0.1.4 14.77 108.37 123.14 OK
r-devel-linux-x86_64-fedora-clang 0.1.4 187.86 NOTE
r-devel-linux-x86_64-fedora-gcc 0.1.4 182.00 NOTE
r-devel-windows-x86_64-new-UL 0.1.4 68.00 152.00 220.00 OK
r-devel-windows-x86_64-new-TK 0.1.4 NOTE
r-patched-linux-x86_64 0.1.4 15.14 130.33 145.47 OK
r-release-linux-x86_64 0.1.4 OK
r-release-macos-arm64 0.1.4 NOTE
r-release-macos-x86_64 0.1.4 NOTE
r-release-windows-ix86+x86_64 0.1.4 36.00 156.00 192.00 OK
r-oldrel-macos-x86_64 0.1.4 NOTE
r-oldrel-windows-ix86+x86_64 0.1.4 38.00 158.00 196.00 OK

Check Details

Version: 0.1.4
Check: dependencies in R code
Result: NOTE
    Namespaces in Imports field not imported from:
     ‘httr’ ‘stringr’
     All declared Imports should be used.
Flavors: r-devel-linux-x86_64-fedora-clang, r-devel-linux-x86_64-fedora-gcc, r-devel-windows-x86_64-new-TK, r-release-macos-arm64, r-release-macos-x86_64, r-oldrel-macos-x86_64