CRAN Package Check Results for Package ctmm

Last updated on 2022-01-17 00:48:31 CET.

Flavor Version Tinstall Tcheck Ttotal Status Flags
r-devel-linux-x86_64-debian-clang 0.6.1 52.70 523.24 575.94 OK --no-vignettes
r-devel-linux-x86_64-debian-gcc 0.6.1 46.35 401.30 447.65 OK --no-vignettes
r-devel-linux-x86_64-fedora-clang 0.6.1 703.63 OK --no-vignettes
r-devel-linux-x86_64-fedora-gcc 0.6.1 677.93 OK --no-vignettes
r-devel-windows-x86_64-new-UL 0.6.1 1463.00 557.00 2020.00 OK --no-vignettes
r-devel-windows-x86_64-new-TK 0.6.1 OK --no-vignettes
r-patched-linux-x86_64 0.6.1 55.70 509.84 565.54 OK --no-vignettes
r-release-linux-x86_64 0.6.1 OK --no-vignettes
r-release-macos-arm64 0.6.1 OK
r-release-macos-x86_64 0.6.1 WARN
r-release-windows-ix86+x86_64 0.6.1 192.00 560.00 752.00 OK --no-vignettes
r-oldrel-macos-x86_64 0.6.1 WARN
r-oldrel-windows-ix86+x86_64 0.6.1 207.00 646.00 853.00 OK --no-vignettes

Check Details

Version: 0.6.1
Check: whether package can be installed
Result: WARN
    Found the following significant warnings:
     Warning: multiple methods tables found for ‘direction’
     Warning: multiple methods tables found for ‘gridDistance’
Flavor: r-release-macos-x86_64

Version: 0.6.1
Check: package dependencies
Result: WARN
    Skipping vignette re-building
    Package suggested but not available for checking: ‘knitr’
    
    VignetteBuilder package required for checking but not installed: ‘knitr’
Flavor: r-oldrel-macos-x86_64